Last updated on 2024-03-12 07:49:47 CET.
Flavor | Version | Tinstall | Tcheck | Ttotal | Status | Flags |
---|---|---|---|---|---|---|
r-devel-linux-x86_64-debian-clang | 0.7.8 | 837.53 | 367.42 | 1204.95 | OK | |
r-devel-linux-x86_64-debian-gcc | 0.7.8 | 772.67 | 336.63 | 1109.30 | OK | |
r-devel-linux-x86_64-fedora-clang | 0.7.8 | 1471.22 | NOTE | |||
r-devel-linux-x86_64-fedora-gcc | 0.7.8 | 2013.41 | NOTE | |||
r-devel-windows-x86_64 | 0.7.8 | 663.00 | 366.00 | 1029.00 | NOTE | |
r-patched-linux-x86_64 | 0.7.8 | 0.01 | 2.56 | 2.57 | ERROR | |
r-release-linux-x86_64 | 0.7.8 | 0.02 | 2.62 | 2.64 | ERROR | |
r-release-macos-arm64 | 0.7.8 | 346.00 | NOTE | |||
r-release-macos-x86_64 | 0.7.8 | 482.00 | NOTE | |||
r-release-windows-x86_64 | 0.7.8 | 841.00 | 455.00 | 1296.00 | NOTE | |
r-oldrel-macos-arm64 | 0.7.8 | 340.00 | NOTE | |||
r-oldrel-windows-x86_64 | 0.7.8 | 807.00 | 431.00 | 1238.00 | NOTE |
Version: 0.7.8
Check: installed package size
Result: NOTE
installed size is 9.0Mb
sub-directories of 1Mb or more:
libs 7.2Mb
Flavors: r-devel-linux-x86_64-fedora-clang, r-devel-windows-x86_64, r-release-macos-arm64, r-release-macos-x86_64, r-release-windows-x86_64, r-oldrel-macos-arm64, r-oldrel-windows-x86_64
Version: 0.7.8
Check: for GNU extensions in Makefiles
Result: NOTE
GNU make is a SystemRequirements.
Flavors: r-devel-linux-x86_64-fedora-clang, r-devel-linux-x86_64-fedora-gcc, r-release-macos-arm64, r-release-macos-x86_64, r-oldrel-macos-arm64
Version: 0.7.8
Check: whether package can be installed
Result: ERROR
Installation failed.
Flavors: r-patched-linux-x86_64, r-release-linux-x86_64