Last updated on 2024-03-12 07:49:48 CET.
Flavor | Version | Tinstall | Tcheck | Ttotal | Status | Flags |
---|---|---|---|---|---|---|
r-devel-linux-x86_64-debian-clang | 1.2-2 | 79.17 | 453.93 | 533.10 | OK | |
r-devel-linux-x86_64-debian-gcc | 1.2-2 | 63.78 | 321.50 | 385.28 | OK | |
r-devel-linux-x86_64-fedora-clang | 1.2-2 | 661.92 | NOTE | |||
r-devel-linux-x86_64-fedora-gcc | 1.2-2 | 615.59 | OK | |||
r-devel-windows-x86_64 | 1.2-2 | 72.00 | 294.00 | 366.00 | NOTE | |
r-patched-linux-x86_64 | 1.2-2 | 71.69 | 430.36 | 502.05 | OK | |
r-release-linux-x86_64 | 1.2-2 | 83.66 | 434.07 | 517.73 | OK | |
r-release-macos-arm64 | 1.2-2 | 164.00 | NOTE | |||
r-release-macos-x86_64 | 1.2-2 | 362.00 | NOTE | |||
r-release-windows-x86_64 | 1.2-2 | 90.00 | 393.00 | 483.00 | NOTE | |
r-oldrel-macos-arm64 | 1.2-2 | 152.00 | NOTE | |||
r-oldrel-windows-x86_64 | 1.2-2 | 93.00 | 382.00 | 475.00 | NOTE |
Version: 1.2-2
Check: installed package size
Result: NOTE
installed size is 6.2Mb
sub-directories of 1Mb or more:
R 2.5Mb
data 1.3Mb
doc 1.8Mb
Flavors: r-devel-linux-x86_64-fedora-clang, r-devel-windows-x86_64, r-release-macos-arm64, r-release-macos-x86_64, r-release-windows-x86_64, r-oldrel-macos-arm64, r-oldrel-windows-x86_64
Version: 1.2-2
Check: Rd cross-references
Result: NOTE
Undeclared package ‘akima’ in Rd xrefs
Flavor: r-devel-linux-x86_64-fedora-clang