Last updated on 2025-01-20 08:48:21 CET.
Flavor | Version | Tinstall | Tcheck | Ttotal | Status | Flags |
---|---|---|---|---|---|---|
r-devel-linux-x86_64-debian-clang | 1.1.3 | 11.18 | 75.72 | 86.90 | NOTE | |
r-devel-linux-x86_64-debian-gcc | 1.1.3 | 7.80 | 55.11 | 62.91 | NOTE | |
r-devel-linux-x86_64-fedora-clang | 1.1.3 | 151.01 | NOTE | |||
r-devel-linux-x86_64-fedora-gcc | 1.1.3 | 160.46 | NOTE | |||
r-devel-windows-x86_64 | 1.1.3 | 16.00 | 110.00 | 126.00 | NOTE | |
r-patched-linux-x86_64 | 1.1.3 | 12.03 | 73.38 | 85.41 | NOTE | |
r-release-linux-x86_64 | 1.1.3 | 10.44 | 74.65 | 85.09 | NOTE | |
r-release-macos-arm64 | 1.1.3 | 50.00 | NOTE | |||
r-release-macos-x86_64 | 1.1.3 | 77.00 | NOTE | |||
r-release-windows-x86_64 | 1.1.3 | 16.00 | 110.00 | 126.00 | NOTE | |
r-oldrel-macos-arm64 | 1.1.3 | 55.00 | OK | |||
r-oldrel-macos-x86_64 | 1.1.3 | 84.00 | OK | |||
r-oldrel-windows-x86_64 | 1.1.3 | 19.00 | 133.00 | 152.00 | OK |
Version: 1.1.3
Check: Rd files
Result: NOTE
checkRd: (-1) plotDistributions.Rd:32: Lost braces
32 | plot{...} functions are generated programmatically so the function calls in
| ^
Flavors: r-devel-linux-x86_64-debian-clang, r-devel-linux-x86_64-debian-gcc, r-devel-linux-x86_64-fedora-clang, r-devel-linux-x86_64-fedora-gcc, r-devel-windows-x86_64, r-patched-linux-x86_64, r-release-linux-x86_64, r-release-macos-arm64, r-release-macos-x86_64, r-release-windows-x86_64