Last updated on 2024-05-04 08:51:08 CEST.
Flavor | Version | Tinstall | Tcheck | Ttotal | Status | Flags |
---|---|---|---|---|---|---|
r-devel-linux-x86_64-debian-clang | 2.1.10 | 3.71 | 33.21 | 36.92 | OK | |
r-devel-linux-x86_64-debian-gcc | 2.1.10 | 2.84 | 25.23 | 28.07 | OK | |
r-devel-linux-x86_64-fedora-clang | 2.1.10 | 45.81 | NOTE | |||
r-devel-linux-x86_64-fedora-gcc | 2.1.10 | 43.56 | OK | |||
r-devel-windows-x86_64 | 2.1.10 | 6.00 | 56.00 | 62.00 | OK | |
r-patched-linux-x86_64 | 2.1.10 | 3.70 | 31.67 | 35.37 | OK | |
r-release-linux-x86_64 | 2.1.10 | 3.53 | 31.19 | 34.72 | OK | |
r-release-macos-arm64 | 2.1.10 | 19.00 | OK | |||
r-release-windows-x86_64 | 2.1.10 | 5.00 | 54.00 | 59.00 | OK | |
r-oldrel-macos-arm64 | 2.1.10 | 24.00 | OK | |||
r-oldrel-macos-x86_64 | 2.1.10 | 34.00 | NOTE | |||
r-oldrel-windows-x86_64 | 2.1.10 | 7.00 | 55.00 | 62.00 | OK |
Version: 2.1.10
Check: Rd cross-references
Result: NOTE
Undeclared package ‘fGarch’ in Rd xrefs
Flavor: r-devel-linux-x86_64-fedora-clang
Version: 2.1.10
Check: Rd cross-references
Result: NOTE
Package unavailable to check Rd xrefs: ‘fGarch’
Flavor: r-oldrel-macos-x86_64