Last updated on 2024-07-27 08:49:14 CEST.
Flavor | Version | Tinstall | Tcheck | Ttotal | Status | Flags |
---|---|---|---|---|---|---|
r-devel-linux-x86_64-debian-clang | 0.1.4 | 3.21 | 124.29 | 127.50 | OK | |
r-devel-linux-x86_64-debian-gcc | 0.1.4 | OK | ||||
r-devel-linux-x86_64-fedora-clang | 0.1.4 | 169.46 | OK | |||
r-devel-linux-x86_64-fedora-gcc | 0.1.4 | 168.30 | OK | |||
r-devel-windows-x86_64 | 0.1.4 | 5.00 | 138.00 | 143.00 | OK | |
r-patched-linux-x86_64 | 0.1.4 | OK | ||||
r-release-linux-x86_64 | 0.1.4 | 3.09 | 143.04 | 146.13 | OK | |
r-release-macos-arm64 | 0.1.4 | 49.00 | OK | |||
r-release-macos-x86_64 | 0.1.4 | 90.00 | OK | |||
r-release-windows-x86_64 | 0.1.4 | 5.00 | 142.00 | 147.00 | OK | |
r-oldrel-macos-arm64 | 0.1.4 | 83.00 | NOTE | |||
r-oldrel-macos-x86_64 | 0.1.4 | 160.00 | NOTE | |||
r-oldrel-windows-x86_64 | 0.1.4 | 7.00 | 147.00 | 154.00 | NOTE |
Version: 0.1.4
Check: for unstated dependencies in vignettes
Result: NOTE
'library' or 'require' call not declared from: ‘x’
Flavors: r-oldrel-macos-arm64, r-oldrel-macos-x86_64, r-oldrel-windows-x86_64