Last updated on 2024-04-24 07:57:34 CEST.
Flavor | Version | Tinstall | Tcheck | Ttotal | Status | Flags |
---|---|---|---|---|---|---|
r-devel-linux-x86_64-debian-clang | 7.4-2 | 20.49 | 141.29 | 161.78 | OK | |
r-devel-linux-x86_64-debian-gcc | 7.4-2 | 16.49 | 97.21 | 113.70 | OK | |
r-devel-linux-x86_64-fedora-clang | 7.4-2 | 196.43 | NOTE | |||
r-devel-linux-x86_64-fedora-gcc | 7.4-2 | 185.21 | OK | |||
r-prerel-macos-arm64 | 7.4-2 | 50.00 | NOTE | |||
r-prerel-windows-x86_64 | 7.4-2 | 23.00 | 113.00 | 136.00 | OK | |
r-patched-linux-x86_64 | 7.4-2 | 23.94 | 131.13 | 155.07 | OK | |
r-release-linux-x86_64 | 7.4-2 | 17.11 | 132.59 | 149.70 | OK | |
r-release-macos-arm64 | 7.4-2 | 54.00 | NOTE | |||
r-release-macos-x86_64 | 7.4-2 | 117.00 | NOTE | |||
r-release-windows-x86_64 | 7.4-2 | 29.00 | 139.00 | 168.00 | OK | |
r-oldrel-macos-arm64 | 7.4-2 | 52.00 | NOTE | |||
r-oldrel-windows-x86_64 | 7.4-2 | 29.00 | 139.00 | 168.00 | OK |
Version: 7.4-2
Check: installed package size
Result: NOTE
installed size is 5.8Mb
sub-directories of 1Mb or more:
ex-data 4.7Mb
Flavors: r-devel-linux-x86_64-fedora-clang, r-prerel-macos-arm64, r-release-macos-arm64, r-release-macos-x86_64, r-oldrel-macos-arm64