CRAN Package Check Results for Package bayesbr

Last updated on 2021-07-29 09:53:13 CEST.

Flavor Version Tinstall Tcheck Ttotal Status Flags
r-devel-linux-x86_64-debian-clang 0.0.1.0 NOTE
r-devel-linux-x86_64-debian-gcc 0.0.1.0 131.50 156.50 288.00 NOTE
r-devel-linux-x86_64-fedora-clang 0.0.1.0 457.20 NOTE
r-devel-linux-x86_64-fedora-gcc 0.0.1.0 479.00 NOTE
r-devel-windows-x86_64 0.0.1.0 154.00 295.00 449.00 NOTE
r-devel-windows-x86_64-gcc10-UCRT 0.0.0.1 WARN
r-patched-linux-x86_64 0.0.1.0 129.47 201.16 330.63 NOTE
r-patched-solaris-x86 0.0.1.0 547.20 NOTE
r-release-linux-x86_64 0.0.1.0 135.37 206.17 341.54 NOTE
r-release-macos-arm64 0.0.1.0 NOTE
r-release-macos-x86_64 0.0.1.0 NOTE
r-release-windows-ix86+x86_64 0.0.1.0 318.00 498.00 816.00 NOTE
r-oldrel-macos-x86_64 0.0.1.0 NOTE
r-oldrel-windows-ix86+x86_64 0.0.1.0 288.00 511.00 799.00 NOTE

Check Details

Version: 0.0.1.0
Check: for GNU extensions in Makefiles
Result: NOTE
    GNU make is a SystemRequirements.
Flavors: r-devel-linux-x86_64-debian-clang, r-devel-linux-x86_64-debian-gcc, r-devel-linux-x86_64-fedora-clang, r-devel-linux-x86_64-fedora-gcc, r-devel-windows-x86_64, r-patched-linux-x86_64, r-patched-solaris-x86, r-release-linux-x86_64, r-release-macos-arm64, r-release-macos-x86_64, r-release-windows-ix86+x86_64, r-oldrel-macos-x86_64, r-oldrel-windows-ix86+x86_64

Version: 0.0.1.0
Check: installed package size
Result: NOTE
     installed size is 36.6Mb
     sub-directories of 1Mb or more:
     libs 34.5Mb
Flavors: r-devel-linux-x86_64-fedora-clang, r-release-macos-arm64, r-release-macos-x86_64, r-release-windows-ix86+x86_64, r-oldrel-macos-x86_64, r-oldrel-windows-ix86+x86_64

Version: 0.0.1.0
Check: dependencies in R code
Result: NOTE
    Namespaces in Imports field not imported from:
     ‘magrittr’ ‘rstantools’
     All declared Imports should be used.
Flavors: r-devel-linux-x86_64-fedora-clang, r-devel-linux-x86_64-fedora-gcc, r-patched-solaris-x86, r-release-macos-arm64, r-release-macos-x86_64, r-oldrel-macos-x86_64

Version: 0.0.0.1
Check: dependencies in R code
Result: NOTE
    Namespaces in Imports field not imported from:
     'magrittr' 'rstantools'
     All declared Imports should be used.
Flavor: r-devel-windows-x86_64-gcc10-UCRT

Version: 0.0.0.1
Check: line endings in C/C++/Fortran sources/headers
Result: NOTE
    Found the following sources/headers with CR or CRLF line endings:
     src/RcppExports.cpp
     src/stanExports_bayesbr.h
    Some Unix compilers require LF line endings.
Flavor: r-devel-windows-x86_64-gcc10-UCRT

Version: 0.0.0.1
Check: line endings in Makefiles
Result: WARN
    Found the following Makefile(s) with CR or CRLF line endings:
     src/Makevars
    Some Unix 'make' programs require LF line endings.
Flavor: r-devel-windows-x86_64-gcc10-UCRT

Version: 0.0.0.1
Check: for GNU extensions in Makefiles
Result: NOTE
    GNU make is a SystemRequirements.
Flavor: r-devel-windows-x86_64-gcc10-UCRT