Last updated on 2024-04-23 08:57:39 CEST.
Flavor | Version | Tinstall | Tcheck | Ttotal | Status | Flags |
---|---|---|---|---|---|---|
r-devel-linux-x86_64-debian-clang | 1.0.1 | 862.80 | 434.18 | 1296.98 | NOTE | |
r-devel-linux-x86_64-debian-gcc | 1.0.1 | 784.13 | 388.20 | 1172.33 | NOTE | |
r-devel-linux-x86_64-fedora-clang | 1.0.1 | 1513.51 | NOTE | |||
r-devel-linux-x86_64-fedora-gcc | 1.0.1 | 1665.92 | NOTE | |||
r-prerel-macos-arm64 | 1.0.1 | 420.00 | NOTE | |||
r-prerel-windows-x86_64 | 1.0.1 | 608.00 | 390.00 | 998.00 | NOTE | |
r-patched-linux-x86_64 | 1.0.1 | 0.47 | 2.26 | 2.73 | ERROR | |
r-release-linux-x86_64 | 1.0.1 | 0.44 | 2.28 | 2.72 | ERROR | |
r-release-macos-arm64 | 1.0.1 | 364.00 | NOTE | |||
r-release-macos-x86_64 | 1.0.1 | 568.00 | NOTE | |||
r-release-windows-x86_64 | 1.0.1 | 810.00 | 491.00 | 1301.00 | NOTE | |
r-oldrel-macos-arm64 | 1.0.1 | 316.00 | NOTE | |||
r-oldrel-windows-x86_64 | 1.0.1 | 728.00 | 463.00 | 1191.00 | NOTE |
Version: 1.0.1
Check: for GNU extensions in Makefiles
Result: NOTE
GNU make is a SystemRequirements.
Flavors: r-devel-linux-x86_64-debian-clang, r-devel-linux-x86_64-debian-gcc, r-devel-linux-x86_64-fedora-clang, r-devel-linux-x86_64-fedora-gcc, r-prerel-macos-arm64, r-prerel-windows-x86_64, r-release-macos-arm64, r-release-macos-x86_64, r-release-windows-x86_64, r-oldrel-macos-arm64, r-oldrel-windows-x86_64
Version: 1.0.1
Check: installed package size
Result: NOTE
installed size is 9.5Mb
sub-directories of 1Mb or more:
libs 8.0Mb
Flavors: r-devel-linux-x86_64-fedora-clang, r-prerel-macos-arm64, r-prerel-windows-x86_64, r-release-macos-arm64, r-release-macos-x86_64, r-release-windows-x86_64, r-oldrel-macos-arm64, r-oldrel-windows-x86_64
Version: 1.0.1
Check: dependencies in R code
Result: NOTE
Namespaces in Imports field not imported from:
‘RcppParallel’ ‘StanHeaders’ ‘astsa’
All declared Imports should be used.
Flavors: r-devel-linux-x86_64-fedora-clang, r-devel-linux-x86_64-fedora-gcc, r-oldrel-macos-arm64
Version: 1.0.1
Check: package dependencies
Result: ERROR
Package required but not available: ‘prophet’
See section ‘The DESCRIPTION file’ in the ‘Writing R Extensions’
manual.
Flavors: r-patched-linux-x86_64, r-release-linux-x86_64