CRAN Package Check Results for Package bbreg

Last updated on 2021-07-26 09:53:53 CEST.

Flavor Version Tinstall Tcheck Ttotal Status Flags
r-devel-linux-x86_64-debian-clang 2.0.1 6.35 292.04 298.39 OK
r-devel-linux-x86_64-debian-gcc 2.0.1 4.29 188.88 193.17 OK
r-devel-linux-x86_64-fedora-clang 2.0.1 349.53 NOTE
r-devel-linux-x86_64-fedora-gcc 2.0.1 345.02 OK
r-devel-windows-x86_64 2.0.1 8.00 365.00 373.00 OK
r-devel-windows-x86_64-gcc10-UCRT 2.0.1 OK
r-patched-linux-x86_64 2.0.1 6.56 278.96 285.52 OK
r-patched-solaris-x86 2.0.1 457.80 OK
r-release-linux-x86_64 2.0.1 5.77 276.47 282.24 OK
r-release-macos-arm64 2.0.1 OK
r-release-macos-x86_64 2.0.1 OK
r-release-windows-ix86+x86_64 2.0.1 10.00 281.00 291.00 OK
r-oldrel-macos-x86_64 2.0.1 OK
r-oldrel-windows-ix86+x86_64 2.0.1 8.00 406.00 414.00 OK

Check Details

Version: 2.0.1
Check: Rd cross-references
Result: NOTE
    Undeclared package ‘betareg’ in Rd xrefs
Flavor: r-devel-linux-x86_64-fedora-clang