CRAN Package Check Results for Package bcp

Last updated on 2021-05-10 08:49:04 CEST.

Flavor Version Tinstall Tcheck Ttotal Status Flags
r-devel-linux-x86_64-debian-clang 4.0.3 115.00 41.70 156.70 OK
r-devel-linux-x86_64-debian-gcc 4.0.3 75.75 31.76 107.51 OK
r-devel-linux-x86_64-fedora-clang 4.0.3 220.61 NOTE
r-devel-linux-x86_64-fedora-gcc 4.0.3 194.54 OK
r-devel-windows-ix86+x86_64 4.0.3 194.00 98.00 292.00 OK
r-devel-windows-x86_64-gcc10-UCRT 4.0.3 OK
r-patched-linux-x86_64 4.0.3 87.28 41.16 128.44 OK
r-patched-solaris-x86 4.0.3 193.90 OK
r-release-linux-x86_64 4.0.3 90.50 40.49 130.99 OK
r-release-macos-x86_64 4.0.3 NOTE
r-release-windows-ix86+x86_64 4.0.3 183.00 76.00 259.00 OK
r-oldrel-macos-x86_64 4.0.3 NOTE
r-oldrel-windows-ix86+x86_64 4.0.3 230.00 91.00 321.00 OK

Check Details

Version: 4.0.3
Check: installed package size
Result: NOTE
     installed size is 5.6Mb
     sub-directories of 1Mb or more:
     libs 5.3Mb
Flavors: r-devel-linux-x86_64-fedora-clang, r-release-macos-x86_64

Version: 4.0.3
Check: package dependencies
Result: NOTE
    Package suggested but not available for checking: ‘DNAcopy’
Flavor: r-oldrel-macos-x86_64