Last updated on 2024-04-18 08:54:22 CEST.
Flavor | Version | Tinstall | Tcheck | Ttotal | Status | Flags |
---|---|---|---|---|---|---|
r-devel-linux-x86_64-debian-clang | 0.1.15 | 4.94 | 51.32 | 56.26 | NOTE | |
r-devel-linux-x86_64-debian-gcc | 0.1.15 | 5.02 | 38.88 | 43.90 | NOTE | |
r-devel-linux-x86_64-fedora-clang | 0.1.15 | 72.63 | NOTE | |||
r-devel-linux-x86_64-fedora-gcc | 0.1.15 | 69.06 | NOTE | |||
r-prerel-macos-arm64 | 0.1.15 | 25.00 | NOTE | |||
r-prerel-windows-x86_64 | 0.1.15 | 7.00 | 54.00 | 61.00 | NOTE | |
r-patched-linux-x86_64 | 0.1.15 | 5.99 | 48.07 | 54.06 | NOTE | |
r-release-linux-x86_64 | 0.1.15 | 5.89 | 49.20 | 55.09 | NOTE | |
r-release-macos-arm64 | 0.1.15 | 25.00 | NOTE | |||
r-release-macos-x86_64 | 0.1.15 | 40.00 | NOTE | |||
r-release-windows-x86_64 | 0.1.15 | 8.00 | 64.00 | 72.00 | NOTE | |
r-oldrel-macos-arm64 | 0.1.15 | 20.00 | NOTE | |||
r-oldrel-windows-x86_64 | 0.1.15 | 9.00 | 70.00 | 79.00 | NOTE |
Version: 0.1.15
Check: LazyData
Result: NOTE
'LazyData' is specified without a 'data' directory
Flavors: r-devel-linux-x86_64-debian-clang, r-devel-linux-x86_64-debian-gcc, r-devel-linux-x86_64-fedora-clang, r-devel-linux-x86_64-fedora-gcc, r-prerel-macos-arm64, r-prerel-windows-x86_64, r-patched-linux-x86_64, r-release-linux-x86_64, r-release-macos-arm64, r-release-macos-x86_64, r-release-windows-x86_64, r-oldrel-macos-arm64, r-oldrel-windows-x86_64