Last updated on 2024-04-19 08:54:33 CEST.
Flavor | Version | Tinstall | Tcheck | Ttotal | Status | Flags |
---|---|---|---|---|---|---|
r-devel-linux-x86_64-debian-clang | 0.3.2 | 3.06 | 44.83 | 47.89 | NOTE | |
r-devel-linux-x86_64-debian-gcc | 0.3.2 | NOTE | ||||
r-devel-linux-x86_64-fedora-clang | 0.3.2 | 67.89 | NOTE | |||
r-devel-linux-x86_64-fedora-gcc | 0.3.2 | 59.11 | NOTE | |||
r-prerel-macos-arm64 | 0.3.2 | 22.00 | NOTE | |||
r-prerel-windows-x86_64 | 0.3.2 | 4.00 | 57.00 | 61.00 | NOTE | |
r-patched-linux-x86_64 | 0.3.2 | 3.94 | 48.74 | 52.68 | NOTE | |
r-release-linux-x86_64 | 0.3.2 | 2.94 | 47.41 | 50.35 | NOTE | |
r-release-macos-arm64 | 0.3.2 | 23.00 | NOTE | |||
r-release-macos-x86_64 | 0.3.2 | 33.00 | NOTE | |||
r-release-windows-x86_64 | 0.3.2 | 5.00 | 60.00 | 65.00 | NOTE | |
r-oldrel-macos-arm64 | 0.3.2 | 23.00 | NOTE | |||
r-oldrel-windows-x86_64 | 0.3.2 | 5.00 | 64.00 | 69.00 | NOTE |
Version: 0.3.2
Check: LazyData
Result: NOTE
'LazyData' is specified without a 'data' directory
Flavors: r-devel-linux-x86_64-debian-clang, r-devel-linux-x86_64-debian-gcc, r-devel-linux-x86_64-fedora-clang, r-devel-linux-x86_64-fedora-gcc, r-prerel-macos-arm64, r-prerel-windows-x86_64, r-patched-linux-x86_64, r-release-linux-x86_64, r-release-macos-arm64, r-release-macos-x86_64, r-release-windows-x86_64, r-oldrel-macos-arm64, r-oldrel-windows-x86_64