CRAN Package Check Results for Package berryFunctions

Last updated on 2021-05-11 08:48:06 CEST.

Flavor Version Tinstall Tcheck Ttotal Status Flags
r-devel-linux-x86_64-debian-clang 1.20.1 9.97 99.37 109.34 OK
r-devel-linux-x86_64-debian-gcc 1.20.1 7.84 74.86 82.70 OK
r-devel-linux-x86_64-fedora-clang 1.20.1 146.01 NOTE
r-devel-linux-x86_64-fedora-gcc 1.20.1 134.41 OK
r-devel-windows-ix86+x86_64 1.20.1 13.00 134.00 147.00 OK
r-devel-windows-x86_64-gcc10-UCRT 1.20.1 OK
r-patched-linux-x86_64 1.20.1 12.10 96.72 108.82 OK
r-patched-solaris-x86 1.20.1 172.40 OK
r-release-linux-x86_64 1.20.1 9.76 94.21 103.97 OK
r-release-macos-x86_64 1.20.1 OK
r-release-windows-ix86+x86_64 1.20.1 14.00 105.00 119.00 OK
r-oldrel-macos-x86_64 1.20.1 NOTE
r-oldrel-windows-ix86+x86_64 1.20.1 16.00 123.00 139.00 OK

Check Details

Version: 1.20.1
Check: Rd cross-references
Result: NOTE
    Undeclared package ‘zoo’ in Rd xrefs
Flavor: r-devel-linux-x86_64-fedora-clang

Version: 1.20.1
Check: dependencies in R code
Result: NOTE
    No protocol specified
    No protocol specified
Flavor: r-oldrel-macos-x86_64