Last updated on 2024-03-12 07:49:48 CET.
Flavor | Version | Tinstall | Tcheck | Ttotal | Status | Flags |
---|---|---|---|---|---|---|
r-devel-linux-x86_64-debian-clang | 0.37.3 | 7.75 | 88.28 | 96.03 | OK | |
r-devel-linux-x86_64-debian-gcc | 0.37.3 | 8.65 | 68.61 | 77.26 | OK | |
r-devel-linux-x86_64-fedora-clang | 0.37.3 | 122.70 | OK | |||
r-devel-linux-x86_64-fedora-gcc | 0.37.3 | 119.17 | OK | |||
r-devel-windows-x86_64 | 0.37.3 | 10.00 | 90.00 | 100.00 | OK | |
r-patched-linux-x86_64 | 0.37.3 | 12.47 | 83.60 | 96.07 | OK | |
r-release-linux-x86_64 | 0.37.3 | 11.20 | 83.84 | 95.04 | OK | |
r-release-macos-arm64 | 0.37.3 | 40.00 | OK | |||
r-release-macos-x86_64 | 0.37.3 | 65.00 | NOTE | |||
r-release-windows-x86_64 | 0.37.3 | 12.00 | 102.00 | 114.00 | OK | |
r-oldrel-macos-arm64 | 0.37.3 | 35.00 | OK | |||
r-oldrel-windows-x86_64 | 0.37.3 | 12.00 | 107.00 | 119.00 | OK |
Version: 0.37.3
Check: package dependencies
Result: NOTE
Package which this enhances but not available for checking: ‘caret’
Flavor: r-release-macos-x86_64