CRAN Package Check Results for Package betapart

Last updated on 2021-05-10 08:49:04 CEST.

Flavor Version Tinstall Tcheck Ttotal Status Flags
r-devel-linux-x86_64-debian-clang 1.5.4 10.83 92.41 103.24 OK
r-devel-linux-x86_64-debian-gcc 1.5.4 8.47 70.36 78.83 OK
r-devel-linux-x86_64-fedora-clang 1.5.4 134.70 OK
r-devel-linux-x86_64-fedora-gcc 1.5.4 124.45 OK
r-devel-windows-ix86+x86_64 1.5.4 17.00 123.00 140.00 OK
r-devel-windows-x86_64-gcc10-UCRT 1.5.4 OK
r-patched-linux-x86_64 1.5.4 14.12 90.21 104.33 OK
r-patched-solaris-x86 1.5.4 186.60 OK
r-release-linux-x86_64 1.5.4 10.10 86.13 96.23 OK
r-release-macos-x86_64 1.5.4 OK
r-release-windows-ix86+x86_64 1.5.4 18.00 96.00 114.00 OK
r-oldrel-macos-x86_64 1.5.4 OK
r-oldrel-windows-ix86+x86_64 1.5.4 20.00 11.00 31.00 ERROR

Check Details

Version: 1.5.4
Check: whether package can be installed
Result: ERROR
    Installation failed.
Flavor: r-oldrel-windows-ix86+x86_64