Last updated on 2024-04-19 08:54:34 CEST.
Flavor | Version | Tinstall | Tcheck | Ttotal | Status | Flags |
---|---|---|---|---|---|---|
r-devel-linux-x86_64-debian-clang | 1.99.3 | 9.98 | 111.48 | 121.46 | OK | |
r-devel-linux-x86_64-debian-gcc | 1.99.3 | OK | ||||
r-devel-linux-x86_64-fedora-clang | 1.99.3 | 149.75 | NOTE | |||
r-devel-linux-x86_64-fedora-gcc | 1.99.3 | 154.31 | NOTE | |||
r-prerel-macos-arm64 | 1.99.3 | 52.00 | OK | |||
r-prerel-windows-x86_64 | 1.99.3 | 12.00 | 91.00 | 103.00 | OK | |
r-patched-linux-x86_64 | 1.99.3 | 16.75 | 106.14 | 122.89 | OK | |
r-release-linux-x86_64 | 1.99.3 | 10.31 | 108.89 | 119.20 | OK | |
r-release-macos-arm64 | 1.99.3 | 52.00 | OK | |||
r-release-macos-x86_64 | 1.99.3 | 120.00 | OK | |||
r-release-windows-x86_64 | 1.99.3 | 13.00 | 108.00 | 121.00 | OK | |
r-oldrel-macos-arm64 | 1.99.3 | 46.00 | OK | |||
r-oldrel-windows-x86_64 | 1.99.3 | 14.00 | 108.00 | 122.00 | OK |
Version: 1.99.3
Check: data for non-ASCII characters
Result: NOTE
Note: found 379 marked UTF-8 strings
Flavors: r-devel-linux-x86_64-fedora-clang, r-devel-linux-x86_64-fedora-gcc