Last updated on 2024-04-23 08:57:39 CEST.
Flavor | Version | Tinstall | Tcheck | Ttotal | Status | Flags |
---|---|---|---|---|---|---|
r-devel-linux-x86_64-debian-clang | 0.2.1 | 8.53 | 48.43 | 56.96 | NOTE | |
r-devel-linux-x86_64-debian-gcc | 0.2.1 | 6.87 | 36.29 | 43.16 | NOTE | |
r-devel-linux-x86_64-fedora-clang | 0.2.1 | 73.56 | NOTE | |||
r-devel-linux-x86_64-fedora-gcc | 0.2.1 | 68.95 | NOTE | |||
r-prerel-macos-arm64 | 0.2.1 | 29.00 | NOTE | |||
r-prerel-windows-x86_64 | 0.2.1 | 9.00 | 71.00 | 80.00 | NOTE | |
r-patched-linux-x86_64 | 0.2.1 | 5.89 | 46.03 | 51.92 | NOTE | |
r-release-linux-x86_64 | 0.2.1 | 8.85 | 47.15 | 56.00 | OK | |
r-release-macos-arm64 | 0.2.1 | 30.00 | OK | |||
r-release-macos-x86_64 | 0.2.1 | 42.00 | OK | |||
r-release-windows-x86_64 | 0.2.1 | 10.00 | 72.00 | 82.00 | OK | |
r-oldrel-macos-arm64 | 0.2.1 | 28.00 | OK | |||
r-oldrel-windows-x86_64 | 0.2.1 | 10.00 | 72.00 | 82.00 | OK |
Version: 0.2.1
Check: Rd files
Result: NOTE
checkRd: (-1) bggCollection.Rd:63-64: Lost braces in \itemize; meant \describe ?
checkRd: (-1) bggCollection.Rd:65-67: Lost braces in \itemize; meant \describe ?
checkRd: (-1) bggCollection.Rd:68-69: Lost braces in \itemize; meant \describe ?
checkRd: (-1) bggCollection.Rd:70-73: Lost braces in \itemize; meant \describe ?
checkRd: (-1) bggCollection.Rd:74-76: Lost braces in \itemize; meant \describe ?
checkRd: (-1) bggCollection.Rd:77-80: Lost braces in \itemize; meant \describe ?
checkRd: (-1) bggGames.Rd:68-69: Lost braces in \itemize; meant \describe ?
checkRd: (-1) bggGames.Rd:70-72: Lost braces in \itemize; meant \describe ?
checkRd: (-1) bggSearch.Rd:66-67: Lost braces in \itemize; meant \describe ?
checkRd: (-1) bggSearch.Rd:68-71: Lost braces in \itemize; meant \describe ?
checkRd: (-1) bggSearch.Rd:72-73: Lost braces in \itemize; meant \describe ?
Flavors: r-devel-linux-x86_64-debian-clang, r-devel-linux-x86_64-debian-gcc, r-devel-linux-x86_64-fedora-clang, r-devel-linux-x86_64-fedora-gcc, r-prerel-macos-arm64, r-prerel-windows-x86_64, r-patched-linux-x86_64