Last updated on 2024-04-19 08:54:34 CEST.
Flavor | Version | Tinstall | Tcheck | Ttotal | Status | Flags |
---|---|---|---|---|---|---|
r-devel-linux-x86_64-debian-clang | 0.2.3 | 8.74 | 170.97 | 179.71 | OK | |
r-devel-linux-x86_64-debian-gcc | 0.2.3 | OK | ||||
r-devel-linux-x86_64-fedora-clang | 0.2.3 | 219.10 | NOTE | |||
r-devel-linux-x86_64-fedora-gcc | 0.2.3 | 225.61 | NOTE | |||
r-prerel-macos-arm64 | 0.2.3 | 61.00 | OK | |||
r-prerel-windows-x86_64 | 0.2.3 | 10.00 | 132.00 | 142.00 | OK | |
r-patched-linux-x86_64 | 0.2.3 | 11.37 | 159.21 | 170.58 | OK | |
r-release-linux-x86_64 | 0.2.3 | 10.24 | 156.86 | 167.10 | OK | |
r-release-macos-arm64 | 0.2.3 | 68.00 | OK | |||
r-release-macos-x86_64 | 0.2.3 | 115.00 | OK | |||
r-release-windows-x86_64 | 0.2.3 | 13.00 | 172.00 | 185.00 | OK | |
r-oldrel-macos-arm64 | 0.2.3 | 60.00 | NOTE | |||
r-oldrel-windows-x86_64 | 0.2.3 | 13.00 | 172.00 | 185.00 | OK |
Version: 0.2.3
Check: dependencies in R code
Result: NOTE
Namespace in Imports field not imported from: ‘nycflights13’
All declared Imports should be used.
Flavors: r-devel-linux-x86_64-fedora-clang, r-devel-linux-x86_64-fedora-gcc, r-oldrel-macos-arm64