Last updated on 2023-12-09 07:49:26 CET.
Flavor | Version | Tinstall | Tcheck | Ttotal | Status | Flags |
---|---|---|---|---|---|---|
r-devel-linux-x86_64-debian-clang | 0.5.3 | 28.95 | 170.83 | 199.78 | NOTE | |
r-devel-linux-x86_64-debian-gcc | 0.5.3 | 23.16 | 126.27 | 149.43 | NOTE | |
r-devel-linux-x86_64-fedora-clang | 0.5.3 | 251.15 | NOTE | |||
r-devel-linux-x86_64-fedora-gcc | 0.5.3 | 240.92 | NOTE | |||
r-devel-windows-x86_64 | 0.5.3 | 27.00 | 139.00 | 166.00 | NOTE | |
r-patched-linux-x86_64 | 0.5.3 | 27.86 | 166.64 | 194.50 | NOTE | |
r-release-linux-x86_64 | 0.5.3 | 27.87 | 165.05 | 192.92 | NOTE | |
r-release-macos-arm64 | 0.5.3 | 77.00 | NOTE | |||
r-release-macos-x86_64 | 0.5.3 | 169.00 | NOTE | |||
r-release-windows-x86_64 | 0.5.3 | 33.00 | 167.00 | 200.00 | NOTE | |
r-oldrel-macos-arm64 | 0.5.3 | 79.00 | NOTE | |||
r-oldrel-macos-x86_64 | 0.5.3 | 114.00 | NOTE | |||
r-oldrel-windows-x86_64 | 0.5.3 | 36.00 | 174.00 | 210.00 | NOTE |
Version: 0.5.3
Check: package dependencies
Result: NOTE
Package suggested but not available for checking: ‘INLA’
Flavors: r-devel-linux-x86_64-debian-clang, r-devel-linux-x86_64-debian-gcc, r-devel-windows-x86_64, r-patched-linux-x86_64, r-release-linux-x86_64, r-release-macos-arm64, r-release-macos-x86_64, r-release-windows-x86_64, r-oldrel-macos-arm64, r-oldrel-macos-x86_64, r-oldrel-windows-x86_64
Version: 0.5.3
Check: data for non-ASCII characters
Result: NOTE
Note: found 940 marked Latin-1 strings
Flavors: r-devel-linux-x86_64-fedora-clang, r-devel-linux-x86_64-fedora-gcc
Version: 0.5.3
Check: installed package size
Result: NOTE
installed size is 5.6Mb
sub-directories of 1Mb or more:
data 5.2Mb
Flavors: r-release-macos-arm64, r-release-macos-x86_64, r-oldrel-macos-arm64