Last updated on 2024-04-17 08:57:25 CEST.
Flavor | Version | Tinstall | Tcheck | Ttotal | Status | Flags |
---|---|---|---|---|---|---|
r-devel-linux-x86_64-debian-clang | 0.5.3 | 23.60 | 158.18 | 181.78 | NOTE | |
r-devel-linux-x86_64-debian-gcc | 0.5.3 | 21.95 | 115.49 | 137.44 | NOTE | |
r-devel-linux-x86_64-fedora-clang | 0.5.3 | 243.99 | NOTE | |||
r-devel-linux-x86_64-fedora-gcc | 0.5.3 | 229.14 | NOTE | |||
r-prerel-macos-arm64 | 0.5.3 | 65.00 | NOTE | |||
r-prerel-windows-x86_64 | 0.5.3 | 26.00 | 125.00 | 151.00 | OK | |
r-patched-linux-x86_64 | 0.5.3 | 24.87 | 150.04 | 174.91 | NOTE | |
r-release-linux-x86_64 | 0.5.3 | 26.91 | 153.32 | 180.23 | NOTE | |
r-release-macos-arm64 | 0.5.3 | 77.00 | NOTE | |||
r-release-macos-x86_64 | 0.5.3 | 169.00 | NOTE | |||
r-release-windows-x86_64 | 0.5.3 | 32.00 | 160.00 | 192.00 | NOTE | |
r-oldrel-macos-arm64 | 0.5.3 | 79.00 | NOTE | |||
r-oldrel-windows-x86_64 | 0.5.3 | 33.00 | 157.00 | 190.00 | NOTE |
Version: 0.5.3
Check: package dependencies
Result: NOTE
Package suggested but not available for checking: ‘INLA’
Flavors: r-devel-linux-x86_64-debian-clang, r-devel-linux-x86_64-debian-gcc, r-prerel-macos-arm64, r-patched-linux-x86_64, r-release-linux-x86_64, r-release-macos-arm64, r-release-macos-x86_64, r-release-windows-x86_64, r-oldrel-macos-arm64, r-oldrel-windows-x86_64
Version: 0.5.3
Check: data for non-ASCII characters
Result: NOTE
Note: found 940 marked Latin-1 strings
Flavors: r-devel-linux-x86_64-fedora-clang, r-devel-linux-x86_64-fedora-gcc
Version: 0.5.3
Check: installed package size
Result: NOTE
installed size is 5.6Mb
sub-directories of 1Mb or more:
data 5.2Mb
Flavors: r-prerel-macos-arm64, r-release-macos-arm64, r-release-macos-x86_64, r-oldrel-macos-arm64