CRAN Package Check Results for Package biglm

Last updated on 2021-08-01 08:52:24 CEST.

Flavor Version Tinstall Tcheck Ttotal Status Flags
r-devel-linux-x86_64-debian-clang 0.9-2.1 4.01 31.02 35.03 NOTE
r-devel-linux-x86_64-debian-gcc 0.9-2.1 2.76 24.09 26.85 NOTE
r-devel-linux-x86_64-fedora-clang 0.9-2.1 51.16 NOTE
r-devel-linux-x86_64-fedora-gcc 0.9-2.1 40.60 NOTE
r-devel-windows-x86_64 0.9-2.1 6.00 47.00 53.00 OK
r-devel-windows-x86_64-gcc10-UCRT 0.9-2.1 OK
r-patched-linux-x86_64 0.9-2.1 NOTE
r-patched-solaris-x86 0.9-2.1 61.30 OK
r-release-linux-x86_64 0.9-2.1 3.68 30.13 33.81 NOTE
r-release-macos-arm64 0.9-2.1 NOTE
r-release-macos-x86_64 0.9-2.1 OK
r-release-windows-ix86+x86_64 0.9-2.1 10.00 42.00 52.00 OK
r-oldrel-macos-x86_64 0.9-2.1 OK
r-oldrel-windows-ix86+x86_64 0.9-2.1 10.00 56.00 66.00 OK

Check Details

Version: 0.9-2.1
Check: R code for possible problems
Result: NOTE
    Found the following calls to data() loading into the global environment:
    File 'biglm/R/bigglm.R':
     data(reset = TRUE)
     data(reset = FALSE)
    See section 'Good practice' in '?data'.
Flavors: r-devel-linux-x86_64-debian-clang, r-devel-linux-x86_64-debian-gcc, r-devel-linux-x86_64-fedora-clang, r-patched-linux-x86_64, r-release-linux-x86_64

Version: 0.9-2.1
Check: compiled code
Result: NOTE
    File ‘biglm/libs/biglm.so’:
     Found no calls to: ‘R_registerRoutines’, ‘R_useDynamicSymbols’
    
    It is good practice to register native routines and to disable symbol
    search.
    
    See ‘Writing portable packages’ in the ‘Writing R Extensions’ manual.
Flavors: r-devel-linux-x86_64-fedora-clang, r-devel-linux-x86_64-fedora-gcc

Version: 0.9-2.1
Check: package dependencies
Result: NOTE
    Package suggested but not available for checking: ‘RODBC’
Flavor: r-release-macos-arm64