Last updated on 2024-04-19 08:54:34 CEST.
Flavor | Version | Tinstall | Tcheck | Ttotal | Status | Flags |
---|---|---|---|---|---|---|
r-devel-linux-x86_64-debian-clang | 1.12.2 | 297.96 | 265.81 | 563.77 | NOTE | |
r-devel-linux-x86_64-debian-gcc | 1.12.2 | NOTE | ||||
r-devel-linux-x86_64-fedora-clang | 1.12.2 | 793.60 | NOTE | |||
r-devel-linux-x86_64-fedora-gcc | 1.12.2 | 771.08 | NOTE | |||
r-prerel-macos-arm64 | 1.12.2 | 182.00 | NOTE | |||
r-prerel-windows-x86_64 | 1.12.2 | 284.00 | 250.00 | 534.00 | NOTE | |
r-patched-linux-x86_64 | 1.12.2 | 287.60 | 265.79 | 553.39 | NOTE | |
r-release-linux-x86_64 | 1.12.2 | 196.49 | 262.78 | 459.27 | OK | |
r-release-macos-arm64 | 1.12.2 | 206.00 | NOTE | |||
r-release-macos-x86_64 | 1.12.2 | 327.00 | NOTE | |||
r-release-windows-x86_64 | 1.12.2 | 340.00 | 325.00 | 665.00 | OK | |
r-oldrel-macos-arm64 | 1.12.2 | 199.00 | NOTE | |||
r-oldrel-windows-x86_64 | 1.12.2 | 322.00 | 308.00 | 630.00 | OK |
Version: 1.12.2
Check: HTML version of manual
Result: NOTE
Found the following HTML validation problems:
snp_ldsc.html:134:1 (snp_ldsc.Rd:74): Warning: trimming empty <dt>
Flavors: r-devel-linux-x86_64-debian-clang, r-devel-linux-x86_64-debian-gcc, r-devel-linux-x86_64-fedora-clang, r-devel-linux-x86_64-fedora-gcc, r-prerel-windows-x86_64, r-patched-linux-x86_64
Version: 1.12.2
Check: installed package size
Result: NOTE
installed size is 8.9Mb
sub-directories of 1Mb or more:
libs 7.4Mb
Flavors: r-prerel-macos-arm64, r-release-macos-arm64, r-release-macos-x86_64, r-oldrel-macos-arm64
Version: 1.12.2
Check: package dependencies
Result: NOTE
Package suggested but not available for checking: ‘gaston’
Flavor: r-release-macos-x86_64