Last updated on 2024-04-17 08:57:25 CEST.
Flavor | Version | Tinstall | Tcheck | Ttotal | Status | Flags |
---|---|---|---|---|---|---|
r-devel-linux-x86_64-debian-clang | 0.6.1 | 71.44 | 77.67 | 149.11 | NOTE | |
r-devel-linux-x86_64-debian-gcc | 0.6.1 | 56.81 | 59.04 | 115.85 | NOTE | |
r-devel-linux-x86_64-fedora-clang | 0.6.1 | 221.53 | NOTE | |||
r-devel-linux-x86_64-fedora-gcc | 0.6.1 | 206.57 | NOTE | |||
r-prerel-macos-arm64 | 0.6.1 | 48.00 | NOTE | |||
r-prerel-windows-x86_64 | 0.6.1 | 72.00 | 93.00 | 165.00 | NOTE | |
r-patched-linux-x86_64 | 0.6.1 | 70.26 | 74.12 | 144.38 | NOTE | |
r-release-linux-x86_64 | 0.6.1 | 68.69 | 77.84 | 146.53 | NOTE | |
r-release-macos-arm64 | 0.6.1 | 64.00 | NOTE | |||
r-release-macos-x86_64 | 0.6.1 | 96.00 | NOTE | |||
r-release-windows-x86_64 | 0.6.1 | 89.00 | 113.00 | 202.00 | NOTE | |
r-oldrel-macos-arm64 | 0.6.1 | 53.00 | NOTE | |||
r-oldrel-windows-x86_64 | 0.6.1 | 89.00 | 111.00 | 200.00 | OK |
Version: 0.6.1
Check: C++ specification
Result: NOTE
Specified C++11: please drop specification unless essential
Flavors: r-devel-linux-x86_64-debian-clang, r-devel-linux-x86_64-debian-gcc, r-devel-linux-x86_64-fedora-clang, r-devel-linux-x86_64-fedora-gcc, r-prerel-macos-arm64, r-prerel-windows-x86_64, r-patched-linux-x86_64, r-release-linux-x86_64, r-release-macos-arm64, r-release-macos-x86_64, r-release-windows-x86_64
Version: 0.6.1
Check: dependencies in R code
Result: NOTE
Namespace in Imports field not imported from: ‘rmio’
All declared Imports should be used.
Flavors: r-devel-linux-x86_64-fedora-clang, r-devel-linux-x86_64-fedora-gcc, r-oldrel-macos-arm64