CRAN Package Check Results for Package bingat

Last updated on 2021-10-20 08:49:17 CEST.

Flavor Version Tinstall Tcheck Ttotal Status Flags
r-devel-linux-x86_64-debian-clang 1.3 10.62 80.59 91.21 OK
r-devel-linux-x86_64-debian-gcc 1.3 8.99 61.06 70.05 OK
r-devel-linux-x86_64-fedora-clang 1.3 121.77 NOTE
r-devel-linux-x86_64-fedora-gcc 1.3 106.61 OK
r-devel-windows-x86_64 1.3 16.00 105.00 121.00 OK
r-devel-windows-x86_64-gcc10-UCRT 1.3 OK
r-patched-linux-x86_64 1.3 10.10 75.45 85.55 OK
r-patched-solaris-x86 1.3 155.80 OK
r-release-linux-x86_64 1.3 10.00 76.72 86.72 OK
r-release-macos-arm64 1.3 OK
r-release-macos-x86_64 1.3 OK
r-release-windows-ix86+x86_64 1.3 15.00 107.00 122.00 OK
r-oldrel-macos-x86_64 1.3 OK
r-oldrel-windows-ix86+x86_64 1.3 23.00 103.00 126.00 OK

Check Details

Version: 1.3
Check: Rd cross-references
Result: NOTE
    Undeclared package ‘genalg’ in Rd xrefs
Flavor: r-devel-linux-x86_64-fedora-clang