Last updated on 2024-03-12 07:49:48 CET.
Flavor | Version | Tinstall | Tcheck | Ttotal | Status | Flags |
---|---|---|---|---|---|---|
r-devel-linux-x86_64-debian-clang | 0.2.8 | 115.86 | 65.41 | 181.27 | NOTE | |
r-devel-linux-x86_64-debian-gcc | 0.2.8 | 93.11 | 51.64 | 144.75 | NOTE | |
r-devel-linux-x86_64-fedora-clang | 0.2.8 | 285.39 | NOTE | |||
r-devel-linux-x86_64-fedora-gcc | 0.2.8 | 273.36 | NOTE | |||
r-devel-windows-x86_64 | 0.2.8 | 95.00 | 98.00 | 193.00 | NOTE | |
r-patched-linux-x86_64 | 0.2.8 | 112.68 | 64.89 | 177.57 | NOTE | |
r-release-linux-x86_64 | 0.2.8 | 110.93 | 63.37 | 174.30 | NOTE | |
r-release-macos-arm64 | 0.2.8 | 79.00 | NOTE | |||
r-release-macos-x86_64 | 0.2.8 | 303.00 | NOTE | |||
r-release-windows-x86_64 | 0.2.8 | 115.00 | 109.00 | 224.00 | NOTE | |
r-oldrel-macos-arm64 | 0.2.8 | 67.00 | NOTE | |||
r-oldrel-windows-x86_64 | 0.2.8 | 103.00 | 104.00 | 207.00 | OK |
Version: 0.2.8
Check: C++ specification
Result: NOTE
Specified C++11: please drop specification unless essential
Flavors: r-devel-linux-x86_64-debian-clang, r-devel-linux-x86_64-debian-gcc, r-devel-linux-x86_64-fedora-clang, r-devel-linux-x86_64-fedora-gcc, r-devel-windows-x86_64, r-patched-linux-x86_64, r-release-linux-x86_64, r-release-macos-arm64, r-release-macos-x86_64, r-release-windows-x86_64
Version: 0.2.8
Check: installed package size
Result: NOTE
installed size is 6.0Mb
sub-directories of 1Mb or more:
libs 4.6Mb
Flavors: r-release-macos-arm64, r-release-macos-x86_64, r-oldrel-macos-arm64