CRAN Package Check Results for Package biomartr

Last updated on 2021-03-06 07:53:13 CET.

Flavor Version Tinstall Tcheck Ttotal Status Flags
r-devel-linux-x86_64-debian-clang 0.9.2 27.07 228.07 255.14 OK
r-devel-linux-x86_64-debian-gcc 0.9.2 22.26 161.43 183.69 OK
r-devel-linux-x86_64-fedora-clang 0.9.2 303.84 NOTE
r-devel-linux-x86_64-fedora-gcc 0.9.2 304.43 NOTE
r-devel-windows-ix86+x86_64 0.9.2 57.00 252.00 309.00 OK
r-patched-linux-x86_64 0.9.2 OK
r-patched-solaris-x86 0.9.2 394.40 NOTE
r-release-linux-x86_64 0.9.2 24.68 208.72 233.40 OK
r-release-macos-x86_64 0.9.2 NOTE
r-release-windows-ix86+x86_64 0.9.2 41.00 187.00 228.00 OK
r-oldrel-macos-x86_64 0.9.2 NOTE
r-oldrel-windows-ix86+x86_64 0.9.2 36.00 168.00 204.00 OK

Check Details

Version: 0.9.2
Check: dependencies in R code
Result: NOTE
    Namespace in Imports field not imported from: ‘fs’
     All declared Imports should be used.
Flavors: r-devel-linux-x86_64-fedora-clang, r-devel-linux-x86_64-fedora-gcc, r-patched-solaris-x86, r-release-macos-x86_64, r-oldrel-macos-x86_64