Last updated on 2024-03-12 07:49:48 CET.
Flavor | Version | Tinstall | Tcheck | Ttotal | Status | Flags |
---|---|---|---|---|---|---|
r-devel-linux-x86_64-debian-clang | 1.2.3 | 8.41 | 72.10 | 80.51 | NOTE | |
r-devel-linux-x86_64-debian-gcc | 1.2.3 | 6.72 | 57.36 | 64.08 | NOTE | |
r-devel-linux-x86_64-fedora-clang | 1.2.3 | 99.65 | NOTE | |||
r-devel-linux-x86_64-fedora-gcc | 1.2.3 | 96.81 | NOTE | |||
r-devel-windows-x86_64 | 1.2.3 | 9.00 | 85.00 | 94.00 | NOTE | |
r-patched-linux-x86_64 | 1.2.3 | 11.09 | 72.27 | 83.36 | OK | |
r-release-linux-x86_64 | 1.2.3 | 8.90 | 73.59 | 82.49 | OK | |
r-release-macos-arm64 | 1.2.3 | 35.00 | OK | |||
r-release-macos-x86_64 | 1.2.3 | 54.00 | OK | |||
r-release-windows-x86_64 | 1.2.3 | 13.00 | 90.00 | 103.00 | OK | |
r-oldrel-macos-arm64 | 1.2.3 | 36.00 | OK | |||
r-oldrel-windows-x86_64 | 1.2.3 | 12.00 | 98.00 | 110.00 | OK |
Version: 1.2.3
Check: Rd files
Result: NOTE
checkRd: (-1) mmds.2D.multi.Rd:118: Lost braces
118 | a numeric value in inches indicating the height of graph outfile. Default differs by outfile.type. The resolution for tiff and png figures is 150 dpi. See \code{pdf}, code{tiff}, \code{png}, \code{postscript}.
| ^
checkRd: (-1) mmds.2D.plot.Rd:134: Lost braces
134 | a numeric value in inches indicating the height of graph outfile. Default differs by outfile.type. The resolution for tiff and png figures is 150 dpi. See \code{pdf}, code{tiff}, \code{png}, \code{postscript}.
| ^
Flavors: r-devel-linux-x86_64-debian-clang, r-devel-linux-x86_64-debian-gcc, r-devel-linux-x86_64-fedora-clang, r-devel-linux-x86_64-fedora-gcc, r-devel-windows-x86_64