Last updated on 2023-01-31 07:54:05 CET.
Flavor | Version | Tinstall | Tcheck | Ttotal | Status | Flags |
---|---|---|---|---|---|---|
r-devel-linux-x86_64-debian-clang | 4.2 | 4.90 | 53.75 | 58.65 | NOTE | |
r-devel-linux-x86_64-debian-gcc | 4.2 | 2.73 | 40.80 | 43.53 | NOTE | |
r-devel-linux-x86_64-fedora-clang | 4.2 | 72.46 | NOTE | |||
r-devel-linux-x86_64-fedora-gcc | 4.2 | 79.52 | NOTE | |||
r-devel-windows-x86_64 | 4.2 | 43.00 | 92.00 | 135.00 | NOTE | |
r-patched-linux-x86_64 | 4.2 | 4.50 | 52.48 | 56.98 | OK | |
r-release-linux-x86_64 | 4.2 | 4.59 | 51.83 | 56.42 | OK | |
r-release-macos-arm64 | 4.2 | 49.00 | OK | |||
r-release-macos-x86_64 | 4.2 | 48.00 | OK | |||
r-release-windows-x86_64 | 4.2 | 37.00 | 98.00 | 135.00 | OK | |
r-oldrel-macos-arm64 | 4.2 | 30.00 | NOTE | |||
r-oldrel-macos-x86_64 | 4.2 | 56.00 | NOTE | |||
r-oldrel-windows-ix86+x86_64 | 4.2 | 10.00 | 83.00 | 93.00 | OK |
Version: 4.2
Check: Rd files
Result: NOTE
checkRd: (-1) tocher.Rd:13: Escaped LaTeX specials: \&
Flavors: r-devel-linux-x86_64-debian-clang, r-devel-linux-x86_64-debian-gcc, r-devel-linux-x86_64-fedora-clang, r-devel-linux-x86_64-fedora-gcc, r-devel-windows-x86_64
Version: 4.2
Check: package dependencies
Result: NOTE
Package suggested but not available for checking: ‘rpanel’
Flavors: r-oldrel-macos-arm64, r-oldrel-macos-x86_64