Last updated on 2024-03-12 07:49:48 CET.
Flavor | Version | Tinstall | Tcheck | Ttotal | Status | Flags |
---|---|---|---|---|---|---|
r-devel-linux-x86_64-debian-clang | 1.0.1 | 9.08 | 78.60 | 87.68 | NOTE | |
r-devel-linux-x86_64-debian-gcc | 1.0.1 | 5.18 | 63.56 | 68.74 | NOTE | |
r-devel-linux-x86_64-fedora-clang | 1.0.1 | 115.24 | NOTE | |||
r-devel-linux-x86_64-fedora-gcc | 1.0.1 | 105.99 | NOTE | |||
r-devel-windows-x86_64 | 1.0.1 | 7.00 | 76.00 | 83.00 | NOTE | |
r-patched-linux-x86_64 | 1.0.1 | 8.68 | 82.15 | 90.83 | NOTE | |
r-release-linux-x86_64 | 1.0.1 | 9.26 | 79.54 | 88.80 | NOTE | |
r-release-macos-arm64 | 1.0.1 | 35.00 | NOTE | |||
r-release-macos-x86_64 | 1.0.1 | 58.00 | NOTE | |||
r-release-windows-x86_64 | 1.0.1 | 9.00 | 89.00 | 98.00 | NOTE | |
r-oldrel-macos-arm64 | 1.0.1 | 35.00 | NOTE | |||
r-oldrel-windows-x86_64 | 1.0.1 | 9.00 | 95.00 | 104.00 | NOTE |
Version: 1.0.1
Check: LazyData
Result: NOTE
'LazyData' is specified without a 'data' directory
Flavors: r-devel-linux-x86_64-debian-clang, r-devel-linux-x86_64-debian-gcc, r-devel-linux-x86_64-fedora-clang, r-devel-linux-x86_64-fedora-gcc, r-devel-windows-x86_64, r-patched-linux-x86_64, r-release-linux-x86_64, r-release-macos-arm64, r-release-macos-x86_64, r-release-windows-x86_64, r-oldrel-macos-arm64, r-oldrel-windows-x86_64