CRAN Package Check Results for Package birdring

Last updated on 2021-04-11 08:48:40 CEST.

Flavor Version Tinstall Tcheck Ttotal Status Flags
r-devel-linux-x86_64-debian-clang 1.4 16.99 155.13 172.12 OK
r-devel-linux-x86_64-debian-gcc 1.4 14.82 117.98 132.80 OK
r-devel-linux-x86_64-fedora-clang 1.4 216.39 OK
r-devel-linux-x86_64-fedora-gcc 1.4 203.95 OK
r-devel-windows-ix86+x86_64 1.4 35.00 148.00 183.00 OK
r-devel-windows-x86_64-gcc10-UCRT 1.4 OK
r-patched-linux-x86_64 1.4 17.18 143.38 160.56 OK
r-patched-solaris-x86 1.4 298.20 ERROR
r-release-linux-x86_64 1.4 16.93 142.47 159.40 OK
r-release-macos-x86_64 1.4 OK
r-release-windows-ix86+x86_64 1.4 35.00 215.00 250.00 OK
r-oldrel-macos-x86_64 1.4 OK
r-oldrel-windows-ix86+x86_64 1.4 39.00 134.00 173.00 OK

Check Details

Version: 1.4
Check: examples
Result: ERROR
    Running examples in ‘birdring-Ex.R’ failed
    The error most likely occurred in:
    
    > ### Name: draw.recmap
    > ### Title: Plot ringing data
    > ### Aliases: draw.recmap
    > ### Keywords: graphics
    >
    > ### ** Examples
    >
    > data(lancol)
    > if (requireNamespace("rgeos", quietly=TRUE) && packageVersion("rgeos") >= "0.5.1") {
    + if (rgeos::get_RGEOS_CheckValidity() == 1L) rgeos::set_RGEOS_CheckValidity(2L)
    + }
    > draw.recmap(lancol,lines=2,border='gray',subset="ring=='13B...6919'",gcircle=TRUE,zoom=3)
    Error in RGEOSBinTopoFunc(spgeom1, spgeom2, byid, id, drop_lower_td, unaryUnion_if_byid_false, :
     TopologyException: Input geom 0 is invalid: Ring Self-intersection at or near point 23.325118450000002 43.886598820000003 at 23.325118450000002 43.886598820000003
    Calls: draw.recmap -> lapply -> FUN -> gIntersection -> RGEOSBinTopoFunc
    Execution halted
Flavor: r-patched-solaris-x86