Last updated on 2024-04-19 08:54:34 CEST.
Flavor | Version | Tinstall | Tcheck | Ttotal | Status | Flags |
---|---|---|---|---|---|---|
r-devel-linux-x86_64-debian-clang | 1.1.2 | 243.31 | 189.76 | 433.07 | NOTE | |
r-devel-linux-x86_64-debian-gcc | 1.1.2 | NOTE | ||||
r-devel-linux-x86_64-fedora-clang | 1.1.2 | 538.20 | NOTE | |||
r-devel-linux-x86_64-fedora-gcc | 1.1.2 | 632.65 | NOTE | |||
r-prerel-macos-arm64 | 1.1.2 | 143.00 | NOTE | |||
r-prerel-windows-x86_64 | 1.1.2 | 182.00 | 193.00 | 375.00 | NOTE | |
r-patched-linux-x86_64 | 1.1.2 | 165.03 | 207.47 | 372.50 | NOTE | |
r-release-linux-x86_64 | 1.1.2 | 180.08 | 202.12 | 382.20 | NOTE | |
r-release-macos-arm64 | 1.1.2 | 249.00 | NOTE | |||
r-release-macos-x86_64 | 1.1.2 | 546.00 | NOTE | |||
r-release-windows-x86_64 | 1.1.2 | 224.00 | 235.00 | 459.00 | NOTE | |
r-oldrel-macos-arm64 | 1.1.1 | 133.00 | NOTE | |||
r-oldrel-windows-x86_64 | 1.1.1 | 171.00 | 184.00 | 355.00 | NOTE |
Version: 1.1.2
Check: for GNU extensions in Makefiles
Result: NOTE
GNU make is a SystemRequirements.
Flavors: r-devel-linux-x86_64-debian-clang, r-devel-linux-x86_64-debian-gcc, r-devel-linux-x86_64-fedora-clang, r-devel-linux-x86_64-fedora-gcc, r-prerel-macos-arm64, r-prerel-windows-x86_64, r-patched-linux-x86_64, r-release-linux-x86_64, r-release-macos-arm64, r-release-macos-x86_64, r-release-windows-x86_64
Version: 1.1.2
Check: installed package size
Result: NOTE
installed size is 54.7Mb
sub-directories of 1Mb or more:
libs 53.8Mb
Flavors: r-prerel-macos-arm64, r-release-macos-arm64, r-release-macos-x86_64
Version: 1.1.1
Check: installed package size
Result: NOTE
installed size is 38.6Mb
sub-directories of 1Mb or more:
libs 37.6Mb
Flavor: r-oldrel-macos-arm64
Version: 1.1.1
Check: dependencies in R code
Result: NOTE
Namespaces in Imports field not imported from:
‘RcppParallel’ ‘magrittr’
All declared Imports should be used.
Flavor: r-oldrel-macos-arm64
Version: 1.1.1
Check: for GNU extensions in Makefiles
Result: NOTE
GNU make is a SystemRequirements.
Flavors: r-oldrel-macos-arm64, r-oldrel-windows-x86_64