CRAN Package Check Results for Package bkmr

Last updated on 2021-07-26 09:53:54 CEST.

Flavor Version Tinstall Tcheck Ttotal Status Flags
r-devel-linux-x86_64-debian-clang 0.2.0 12.35 77.41 89.76 NOTE
r-devel-linux-x86_64-debian-gcc 0.2.0 9.59 59.60 69.19 NOTE
r-devel-linux-x86_64-fedora-clang 0.2.0 113.96 NOTE
r-devel-linux-x86_64-fedora-gcc 0.2.0 103.98 NOTE
r-devel-windows-x86_64 0.2.0 17.00 98.00 115.00 NOTE
r-devel-windows-x86_64-gcc10-UCRT 0.2.0 NOTE
r-patched-linux-x86_64 0.2.0 11.75 74.14 85.89 NOTE
r-patched-solaris-x86 0.2.0 146.10 NOTE
r-release-linux-x86_64 0.2.0 12.00 74.44 86.44 NOTE
r-release-macos-arm64 0.2.0 NOTE
r-release-macos-x86_64 0.2.0 NOTE
r-release-windows-ix86+x86_64 0.2.0 21.00 81.00 102.00 NOTE
r-oldrel-macos-x86_64 0.2.0 OK
r-oldrel-windows-ix86+x86_64 0.2.0 16.00 96.00 112.00 OK

Check Details

Version: 0.2.0
Check: LazyData
Result: NOTE
     'LazyData' is specified without a 'data' directory
Flavors: r-devel-linux-x86_64-debian-clang, r-devel-linux-x86_64-debian-gcc, r-devel-linux-x86_64-fedora-clang, r-devel-linux-x86_64-fedora-gcc, r-devel-windows-x86_64, r-devel-windows-x86_64-gcc10-UCRT, r-patched-linux-x86_64, r-patched-solaris-x86, r-release-linux-x86_64, r-release-macos-arm64, r-release-macos-x86_64, r-release-windows-ix86+x86_64