CRAN Package Check Results for Package blocs

Last updated on 2024-04-25 07:59:47 CEST.

Flavor Version Tinstall Tcheck Ttotal Status Flags
r-devel-linux-x86_64-debian-clang 0.1.1 7.92 106.02 113.94 NOTE
r-devel-linux-x86_64-debian-gcc 0.1.1 4.99 78.93 83.92 NOTE
r-devel-linux-x86_64-fedora-clang 0.1.1 141.38 NOTE
r-devel-linux-x86_64-fedora-gcc 0.1.1 146.97 NOTE
r-devel-windows-x86_64 0.1.1 9.00 97.00 106.00 NOTE
r-patched-linux-x86_64 0.1.1 5.61 102.46 108.07 NOTE
r-release-linux-x86_64 0.1.1 7.31 103.14 110.45 OK
r-release-macos-arm64 0.1.1 50.00 NOTE
r-release-windows-x86_64 0.1.1 8.00 93.00 101.00 NOTE
r-oldrel-macos-arm64 0.1.1 54.00 OK
r-oldrel-macos-x86_64 0.1.1 73.00 NOTE
r-oldrel-windows-x86_64 0.1.1 9.00 103.00 112.00 OK

Check Details

Version: 0.1.1
Check: Rd files
Result: NOTE checkRd: (-1) estimate_density.Rd:25: Lost braces; missing escapes or markup? 25 | evenly spaced points between \code{min} and {max}. | ^ Flavors: r-devel-linux-x86_64-debian-clang, r-devel-linux-x86_64-debian-gcc, r-devel-linux-x86_64-fedora-clang, r-devel-linux-x86_64-fedora-gcc, r-devel-windows-x86_64, r-patched-linux-x86_64, r-release-macos-arm64, r-release-windows-x86_64

Version: 0.1.1
Check: package dependencies
Result: NOTE Package suggested but not available for checking: ‘reldist’ Flavors: r-patched-linux-x86_64, r-oldrel-macos-x86_64