Last updated on 2023-02-08 07:54:23 CET.
Flavor | Version | Tinstall | Tcheck | Ttotal | Status | Flags |
---|---|---|---|---|---|---|
r-devel-linux-x86_64-debian-clang | 1.1.0 | 1127.75 | 157.66 | 1285.41 | NOTE | |
r-devel-linux-x86_64-debian-gcc | 1.1.0 | 942.01 | 163.79 | 1105.80 | NOTE | |
r-devel-linux-x86_64-fedora-clang | 1.1.0 | 1559.17 | NOTE | |||
r-devel-linux-x86_64-fedora-gcc | 1.1.0 | 1750.25 | NOTE | |||
r-devel-windows-x86_64 | 1.1.0 | 1118.00 | 282.00 | 1400.00 | NOTE | |
r-patched-linux-x86_64 | 1.1.0 | 699.76 | 194.18 | 893.94 | NOTE | |
r-release-linux-x86_64 | 1.1.0 | 778.97 | 196.98 | 975.95 | NOTE | |
r-release-macos-arm64 | 1.1.0 | 452.00 | NOTE | |||
r-release-macos-x86_64 | 1.1.0 | 713.00 | NOTE | |||
r-release-windows-x86_64 | 1.1.0 | 644.00 | 297.00 | 941.00 | NOTE | |
r-oldrel-macos-arm64 | 1.1.0 | 360.00 | NOTE | |||
r-oldrel-macos-x86_64 | 1.1.0 | 517.00 | NOTE | |||
r-oldrel-windows-ix86+x86_64 | 1.1.0 | 1957.00 | 19.00 | 1976.00 | ERROR |
Version: 1.1.0
Check: C++ specification
Result: NOTE
Specified C++14: please update to current default of C++17
Flavors: r-devel-linux-x86_64-debian-clang, r-devel-windows-x86_64
Version: 1.1.0
Check: for GNU extensions in Makefiles
Result: NOTE
GNU make is a SystemRequirements.
Flavors: r-devel-linux-x86_64-debian-clang, r-devel-linux-x86_64-debian-gcc, r-devel-linux-x86_64-fedora-clang, r-devel-linux-x86_64-fedora-gcc, r-devel-windows-x86_64, r-patched-linux-x86_64, r-release-linux-x86_64, r-release-macos-arm64, r-release-macos-x86_64, r-release-windows-x86_64, r-oldrel-macos-arm64, r-oldrel-macos-x86_64
Version: 1.1.0
Check: C++ specification
Result: NOTE
Specified C++14: please drop specification unless essential
Flavors: r-devel-linux-x86_64-debian-gcc, r-devel-linux-x86_64-fedora-clang, r-devel-linux-x86_64-fedora-gcc
Version: 1.1.0
Check: installed package size
Result: NOTE
installed size is 11.9Mb
sub-directories of 1Mb or more:
libs 11.1Mb
Flavors: r-devel-linux-x86_64-fedora-clang, r-devel-windows-x86_64, r-release-macos-arm64, r-release-macos-x86_64, r-release-windows-x86_64, r-oldrel-macos-arm64, r-oldrel-macos-x86_64
Version: 1.1.0
Check: whether package can be installed
Result: ERROR
Installation failed.
Flavor: r-oldrel-windows-ix86+x86_64