Last updated on 2023-03-29 08:53:32 CEST.
Flavor | Version | Tinstall | Tcheck | Ttotal | Status | Flags |
---|---|---|---|---|---|---|
r-devel-linux-x86_64-debian-clang | 0.1.0 | 706.16 | 130.54 | 836.70 | NOTE | |
r-devel-linux-x86_64-debian-gcc | 0.1.0 | 667.38 | 136.48 | 803.86 | NOTE | |
r-devel-linux-x86_64-fedora-clang | 0.1.0 | 1065.81 | NOTE | |||
r-devel-linux-x86_64-fedora-gcc | 0.1.0 | 1335.66 | NOTE | |||
r-devel-windows-x86_64 | 0.1.0 | 509.00 | 241.00 | 750.00 | NOTE | |
r-patched-linux-x86_64 | 0.1.0 | 543.03 | 173.18 | 716.21 | NOTE | |
r-release-linux-x86_64 | 0.1.0 | 537.24 | 163.33 | 700.57 | NOTE | |
r-release-macos-arm64 | 0.1.0 | 314.00 | NOTE | |||
r-release-macos-x86_64 | 0.1.0 | 559.00 | NOTE | |||
r-release-windows-x86_64 | 0.1.0 | 468.00 | 228.00 | 696.00 | NOTE | |
r-oldrel-macos-arm64 | 0.1.0 | 363.00 | NOTE | |||
r-oldrel-macos-x86_64 | 0.1.0 | 589.00 | NOTE | |||
r-oldrel-windows-ix86+x86_64 | 0.1.0 | 1636.00 | 274.00 | 1910.00 | NOTE |
Version: 0.1.0
Check: for GNU extensions in Makefiles
Result: NOTE
GNU make is a SystemRequirements.
Flavors: r-devel-linux-x86_64-debian-clang, r-devel-linux-x86_64-debian-gcc, r-devel-linux-x86_64-fedora-clang, r-devel-linux-x86_64-fedora-gcc, r-devel-windows-x86_64, r-patched-linux-x86_64, r-release-linux-x86_64, r-release-macos-arm64, r-release-macos-x86_64, r-release-windows-x86_64, r-oldrel-macos-arm64, r-oldrel-macos-x86_64, r-oldrel-windows-ix86+x86_64
Version: 0.1.0
Check: installed package size
Result: NOTE
installed size is 7.4Mb
sub-directories of 1Mb or more:
libs 6.8Mb
Flavors: r-devel-linux-x86_64-fedora-clang, r-devel-windows-x86_64, r-release-macos-arm64, r-release-macos-x86_64, r-release-windows-x86_64, r-oldrel-macos-arm64, r-oldrel-macos-x86_64, r-oldrel-windows-ix86+x86_64
Version: 0.1.0
Check: dependencies in R code
Result: NOTE
Namespaces in Imports field not imported from:
‘RcppParallel’ ‘rstantools’
All declared Imports should be used.
Flavors: r-devel-linux-x86_64-fedora-clang, r-devel-linux-x86_64-fedora-gcc, r-release-macos-arm64, r-release-macos-x86_64, r-oldrel-macos-x86_64