CRAN Package Check Results for Package bmotif

Last updated on 2021-09-20 08:50:04 CEST.

Flavor Version Tinstall Tcheck Ttotal Status Flags
r-devel-linux-x86_64-debian-clang 2.0.2 80.03 186.66 266.69 NOTE
r-devel-linux-x86_64-debian-gcc 2.0.2 52.06 133.77 185.83 NOTE
r-devel-linux-x86_64-fedora-clang 2.0.2 342.89 NOTE
r-devel-linux-x86_64-fedora-gcc 2.0.2 258.95 NOTE
r-devel-windows-x86_64 2.0.2 69.00 166.00 235.00 NOTE
r-devel-windows-x86_64-gcc10-UCRT 2.0.2 ERROR
r-patched-linux-x86_64 2.0.2 63.89 172.94 236.83 NOTE
r-patched-solaris-x86 2.0.2 419.20 NOTE
r-release-linux-x86_64 2.0.2 65.60 173.53 239.13 NOTE
r-release-macos-arm64 2.0.2 NOTE
r-release-macos-x86_64 2.0.2 NOTE
r-release-windows-ix86+x86_64 2.0.2 173.00 323.00 496.00 NOTE
r-oldrel-macos-x86_64 2.0.2 OK
r-oldrel-windows-ix86+x86_64 2.0.2 169.00 386.00 555.00 OK

Check Details

Version: 2.0.2
Check: LazyData
Result: NOTE
     'LazyData' is specified without a 'data' directory
Flavors: r-devel-linux-x86_64-debian-clang, r-devel-linux-x86_64-debian-gcc, r-devel-linux-x86_64-fedora-clang, r-devel-linux-x86_64-fedora-gcc, r-devel-windows-x86_64, r-patched-linux-x86_64, r-patched-solaris-x86, r-release-linux-x86_64, r-release-macos-arm64, r-release-macos-x86_64, r-release-windows-ix86+x86_64

Version: 2.0.2
Check: installed package size
Result: NOTE
     installed size is 5.7Mb
     sub-directories of 1Mb or more:
     libs 3.4Mb
Flavors: r-devel-linux-x86_64-fedora-clang, r-release-macos-arm64

Version: 2.0.2
Check: whether package can be installed
Result: ERROR
    Installation failed.
Flavor: r-devel-windows-x86_64-gcc10-UCRT