Last updated on 2024-03-12 07:49:48 CET.
Flavor | Version | Tinstall | Tcheck | Ttotal | Status | Flags |
---|---|---|---|---|---|---|
r-devel-linux-x86_64-debian-clang | 0.7.9 | 639.79 | 676.93 | 1316.72 | NOTE | |
r-devel-linux-x86_64-debian-gcc | 0.7.9 | 545.75 | 534.66 | 1080.41 | NOTE | |
r-devel-linux-x86_64-fedora-clang | 0.7.9 | 1671.84 | NOTE | |||
r-devel-linux-x86_64-fedora-gcc | 0.7.9 | 1909.29 | NOTE | |||
r-devel-windows-x86_64 | 0.7.9 | 405.00 | 486.00 | 891.00 | NOTE | |
r-patched-linux-x86_64 | 0.7.9 | 577.41 | 664.16 | 1241.57 | NOTE | |
r-release-linux-x86_64 | 0.7.9 | 628.80 | 685.48 | 1314.28 | NOTE | |
r-release-macos-arm64 | 0.7.9 | 265.00 | NOTE | |||
r-release-macos-x86_64 | 0.7.9 | 354.00 | NOTE | |||
r-release-windows-x86_64 | 0.7.9 | 454.00 | 649.00 | 1103.00 | NOTE | |
r-oldrel-macos-arm64 | 0.7.9 | 242.00 | NOTE | |||
r-oldrel-windows-x86_64 | 0.7.9 | 418.00 | 613.00 | 1031.00 | NOTE |
Version: 0.7.9
Check: package dependencies
Result: NOTE
Package suggested but not available for checking: ‘INLA’
Flavors: r-devel-linux-x86_64-debian-clang, r-devel-linux-x86_64-debian-gcc, r-patched-linux-x86_64, r-release-linux-x86_64, r-release-macos-arm64, r-release-macos-x86_64, r-release-windows-x86_64, r-oldrel-macos-arm64, r-oldrel-windows-x86_64
Version: 0.7.9
Check: for GNU extensions in Makefiles
Result: NOTE
GNU make is a SystemRequirements.
Flavors: r-devel-linux-x86_64-debian-clang, r-devel-linux-x86_64-debian-gcc, r-devel-linux-x86_64-fedora-clang, r-devel-linux-x86_64-fedora-gcc, r-devel-windows-x86_64, r-patched-linux-x86_64, r-release-linux-x86_64, r-release-macos-arm64, r-release-macos-x86_64, r-release-windows-x86_64, r-oldrel-macos-arm64, r-oldrel-windows-x86_64
Version: 0.7.9
Check: installed package size
Result: NOTE
installed size is 9.3Mb
sub-directories of 1Mb or more:
libs 5.9Mb
Flavors: r-devel-linux-x86_64-fedora-clang, r-devel-windows-x86_64, r-release-macos-arm64, r-release-macos-x86_64, r-release-windows-x86_64, r-oldrel-macos-arm64, r-oldrel-windows-x86_64