Last updated on 2024-04-24 07:57:35 CEST.
Flavor | Version | Tinstall | Tcheck | Ttotal | Status | Flags |
---|---|---|---|---|---|---|
r-devel-linux-x86_64-debian-clang | 0.4.8 | 127.58 | 132.54 | 260.12 | OK | |
r-devel-linux-x86_64-debian-gcc | 0.4.8 | 92.27 | 93.68 | 185.95 | OK | |
r-devel-linux-x86_64-fedora-clang | 0.4.8 | 349.90 | OK | |||
r-devel-linux-x86_64-fedora-gcc | 0.4.8 | 354.57 | OK | |||
r-prerel-macos-arm64 | 0.4.8 | 84.00 | NOTE | |||
r-prerel-macos-x86_64 | 0.4.8 | 225.00 | NOTE | |||
r-prerel-windows-x86_64 | 0.4.8 | 90.00 | 176.00 | 266.00 | OK | |
r-patched-linux-x86_64 | 0.4.8 | 112.79 | 127.35 | 240.14 | OK | |
r-release-linux-x86_64 | 0.4.8 | 109.38 | 126.97 | 236.35 | OK | |
r-release-macos-arm64 | 0.4.8 | 89.00 | NOTE | |||
r-release-macos-x86_64 | 0.4.8 | 181.00 | NOTE | |||
r-release-windows-x86_64 | 0.4.8 | 84.00 | 202.00 | 286.00 | OK | |
r-oldrel-macos-arm64 | 0.4.8 | 94.00 | NOTE | |||
r-oldrel-windows-x86_64 | 0.4.8 | 107.00 | 187.00 | 294.00 | OK |
Version: 0.4.8
Check: installed package size
Result: NOTE
installed size is 6.7Mb
sub-directories of 1Mb or more:
libs 5.9Mb
Flavors: r-prerel-macos-arm64, r-prerel-macos-x86_64, r-release-macos-arm64, r-release-macos-x86_64, r-oldrel-macos-arm64