CRAN Package Check Results for Package boxr

Last updated on 2020-09-04 08:53:37 CEST.

Flavor Version Tinstall Tcheck Ttotal Status Flags
r-devel-linux-x86_64-debian-clang 0.3.5 4.96 37.10 42.06 OK
r-devel-linux-x86_64-debian-gcc 0.3.5 3.89 29.36 33.25 OK
r-devel-linux-x86_64-fedora-clang 0.3.5 62.34 NOTE
r-devel-linux-x86_64-fedora-gcc 0.3.5 51.10 OK
r-devel-windows-ix86+x86_64 0.3.5 9.00 60.00 69.00 OK
r-patched-linux-x86_64 0.3.5 5.14 37.06 42.20 OK
r-patched-solaris-x86 0.3.5 72.10 OK
r-release-linux-x86_64 0.3.5 4.23 37.08 41.31 OK
r-release-macos-x86_64 0.3.5 OK
r-release-windows-ix86+x86_64 0.3.5 11.00 48.00 59.00 OK
r-oldrel-macos-x86_64 0.3.5 OK
r-oldrel-windows-ix86+x86_64 0.3.5 6.00 45.00 51.00 OK

Check Details

Version: 0.3.5
Check: Rd cross-references
Result: NOTE
    Undeclared packages ‘data.table’, ‘readxl’, ‘openxlsx’ in Rd xrefs
Flavor: r-devel-linux-x86_64-fedora-clang