Last updated on 2024-04-23 08:57:40 CEST.
Flavor | Version | Tinstall | Tcheck | Ttotal | Status | Flags |
---|---|---|---|---|---|---|
r-devel-linux-x86_64-debian-clang | 1.0.9 | 127.78 | 83.62 | 211.40 | NOTE | |
r-devel-linux-x86_64-debian-gcc | 1.0.9 | 93.15 | 60.16 | 153.31 | NOTE | |
r-devel-linux-x86_64-fedora-clang | 1.0.9 | 279.37 | NOTE | |||
r-devel-linux-x86_64-fedora-gcc | 1.0.9 | 252.40 | NOTE | |||
r-prerel-macos-arm64 | 1.0.9 | 63.00 | NOTE | |||
r-prerel-windows-x86_64 | 1.0.9 | 86.00 | 109.00 | 195.00 | NOTE | |
r-patched-linux-x86_64 | 1.0.9 | 87.80 | 76.56 | 164.36 | NOTE | |
r-release-linux-x86_64 | 1.0.9 | 79.85 | 78.98 | 158.83 | NOTE | |
r-release-macos-arm64 | 1.0.9 | 70.00 | NOTE | |||
r-release-macos-x86_64 | 1.0.9 | 111.00 | NOTE | |||
r-release-windows-x86_64 | 1.0.9 | 110.00 | 131.00 | 241.00 | NOTE | |
r-oldrel-macos-arm64 | 1.0.9 | 61.00 | NOTE | |||
r-oldrel-windows-x86_64 | 1.0.9 | 108.00 | 112.00 | 220.00 | OK |
Version: 1.0.9
Check: C++ specification
Result: NOTE
Specified C++11: please drop specification unless essential
Flavors: r-devel-linux-x86_64-debian-clang, r-devel-linux-x86_64-debian-gcc, r-devel-linux-x86_64-fedora-clang, r-devel-linux-x86_64-fedora-gcc, r-prerel-macos-arm64, r-prerel-windows-x86_64, r-patched-linux-x86_64, r-release-linux-x86_64, r-release-macos-arm64, r-release-macos-x86_64, r-release-windows-x86_64
Version: 1.0.9
Check: installed package size
Result: NOTE
installed size is 5.5Mb
sub-directories of 1Mb or more:
libs 5.3Mb
Flavors: r-prerel-macos-arm64, r-release-macos-arm64, r-release-macos-x86_64, r-oldrel-macos-arm64