Last updated on 2024-04-17 08:57:25 CEST.
Flavor | Version | Tinstall | Tcheck | Ttotal | Status | Flags |
---|---|---|---|---|---|---|
r-devel-linux-x86_64-debian-clang | 2.0.3 | 99.37 | 79.63 | 179.00 | OK | |
r-devel-linux-x86_64-debian-gcc | 2.0.3 | 72.70 | 58.09 | 130.79 | OK | |
r-devel-linux-x86_64-fedora-clang | 2.0.3 | 241.77 | OK | |||
r-devel-linux-x86_64-fedora-gcc | 2.0.3 | 230.17 | OK | |||
r-prerel-macos-arm64 | 2.0.3 | 58.00 | OK | |||
r-prerel-windows-x86_64 | 2.0.3 | 71.00 | 107.00 | 178.00 | OK | |
r-patched-linux-x86_64 | 2.0.3 | 95.54 | 75.71 | 171.25 | OK | |
r-release-linux-x86_64 | 2.0.3 | 66.02 | 74.96 | 140.98 | OK | |
r-release-macos-arm64 | 2.0.3 | 66.00 | OK | |||
r-release-macos-x86_64 | 2.0.3 | 93.00 | NOTE | |||
r-release-windows-x86_64 | 2.0.3 | 90.00 | 124.00 | 214.00 | OK | |
r-oldrel-macos-arm64 | 2.0.3 | 52.00 | OK | |||
r-oldrel-windows-x86_64 | 2.0.3 | 86.00 | 109.00 | 195.00 | OK |
Version: 2.0.3
Check: installed package size
Result: NOTE
installed size is 5.1Mb
sub-directories of 1Mb or more:
libs 4.6Mb
Flavor: r-release-macos-x86_64