Last updated on 2021-04-22 08:48:11 CEST.
Flavor | Version | Tinstall | Tcheck | Ttotal | Status | Flags |
---|---|---|---|---|---|---|
r-devel-linux-x86_64-debian-clang | 1.0.2 | 76.58 | 160.71 | 237.29 | OK | |
r-devel-linux-x86_64-debian-gcc | 1.0.2 | 54.08 | 121.95 | 176.03 | OK | |
r-devel-linux-x86_64-fedora-clang | 1.0.2 | 299.32 | OK | |||
r-devel-linux-x86_64-fedora-gcc | 1.0.2 | 278.59 | OK | |||
r-devel-windows-ix86+x86_64 | 1.0.2 | 163.00 | 263.00 | 426.00 | OK | |
r-devel-windows-x86_64-gcc10-UCRT | 1.0.2 | OK | ||||
r-patched-linux-x86_64 | 1.0.2 | 57.85 | 147.29 | 205.14 | WARN | |
r-patched-solaris-x86 | 1.0.2 | 332.10 | OK | |||
r-release-linux-x86_64 | 1.0.2 | 64.74 | 150.58 | 215.32 | OK | |
r-release-macos-x86_64 | 1.0.2 | NOTE | ||||
r-release-windows-ix86+x86_64 | 1.0.2 | 158.00 | 273.00 | 431.00 | OK | |
r-oldrel-macos-x86_64 | 1.0.2 | NOTE | ||||
r-oldrel-windows-ix86+x86_64 | 1.0.2 | 147.00 | 241.00 | 388.00 | OK |
Version: 1.0.2
Check: whether package can be installed
Result: WARN
Found the following significant warnings:
Rd warning: /tmp/RtmpVjwAPV/R.INSTALL51de8ad087d/briskaR/man/Landscape-load-sig-class.Rd:17: file link ‘SpatialPolygonsDataFrame’ in package ‘sp’ does not exist and so has been treated as a topic
Rd warning: /tmp/RtmpVjwAPV/R.INSTALL51de8ad087d/briskaR/man/brk_dispersal.Rd:18: file link ‘SpatialPolygonsDataFrame’ in package ‘sp’ does not exist and so has been treated as a topic
Rd warning: /tmp/RtmpVjwAPV/R.INSTALL51de8ad087d/briskaR/man/data_brk.Rd:36: file link ‘SpatialPolygonsDataFrame’ in package ‘sp’ does not exist and so has been treated as a topic
Rd warning: /tmp/RtmpVjwAPV/R.INSTALL51de8ad087d/briskaR/man/loadLandscape.Rd:17: file link ‘SpatialPolygonsDataFrame’ in package ‘sp’ does not exist and so has been treated as a topic
Rd warning: /tmp/RtmpVjwAPV/R.INSTALL51de8ad087d/briskaR/man/simulateInitialPartition.Rd:37: file link ‘SpatialPolygonsDataFrame’ in package ‘sp’ does not exist and so has been treated as a topic
Rd warning: /tmp/RtmpVjwAPV/R.INSTALL51de8ad087d/briskaR/man/simulateInitialPartition.Rd:40: file link ‘SpatialPointsDataFrame’ in package ‘sp’ does not exist and so has been treated as a topic
Rd warning: /tmp/RtmpVjwAPV/R.INSTALL51de8ad087d/briskaR/man/simulateInitialPartition.Rd:43: file link ‘SpatialPolygonsDataFrame’ in package ‘sp’ does not exist and so has been treated as a topic
Rd warning: /tmp/RtmpVjwAPV/R.INSTALL51de8ad087d/briskaR/man/simulateInitialPartition.Rd:33: file link ‘SpatialPolygonsDataFrame’ in package ‘sp’ does not exist and so has been treated as a topic
Rd warning: /tmp/RtmpVjwAPV/R.INSTALL51de8ad087d/briskaR/man/simulateLandscape.Rd:48: file link ‘SpatialPolygonsDataFrame’ in package ‘sp’ does not exist and so has been treated as a topic
Rd warning: /tmp/RtmpVjwAPV/R.INSTALL51de8ad087d/briskaR/man/simulateLandscape.Rd:45: file link ‘SpatialPolygonsDataFrame’ in package ‘sp’ does not exist and so has been treated as a topic
Rd warning: /tmp/RtmpVjwAPV/R.INSTALL51de8ad087d/briskaR/man/simulateThickMargins.Rd:27: file link ‘SpatialPolygonsDataFrame’ in package ‘sp’ does not exist and so has been treated as a topic
Rd warning: /tmp/RtmpVjwAPV/R.INSTALL51de8ad087d/briskaR/man/st_multibuffer.Rd:35: file link ‘st_buffer’ in package ‘sf’ does not exist and so has been treated as a topic
Rd warning: /tmp/RtmpVjwAPV/R.INSTALL51de8ad087d/briskaR/man/toxicIntensity.Rd:23: file link ‘SpatialPolygonsDataFrame’ in package ‘sp’ does not exist and so has been treated as a topic
Flavor: r-patched-linux-x86_64
Version: 1.0.2
Check: installed package size
Result: NOTE
installed size is 8.5Mb
sub-directories of 1Mb or more:
doc 1.1Mb
libs 6.8Mb
Flavors: r-release-macos-x86_64, r-oldrel-macos-x86_64