Last updated on 2025-11-06 07:49:28 CET.
| Flavor | Version | Tinstall | Tcheck | Ttotal | Status | Flags |
|---|---|---|---|---|---|---|
| r-devel-linux-x86_64-debian-clang | 0.1.7 | 2.44 | 24.73 | 27.17 | OK | |
| r-devel-linux-x86_64-debian-gcc | 0.1.7 | 1.95 | 19.68 | 21.63 | OK | |
| r-devel-linux-x86_64-fedora-clang | 0.1.7 | 41.26 | NOTE | |||
| r-devel-linux-x86_64-fedora-gcc | 0.1.7 | 39.23 | NOTE | |||
| r-devel-windows-x86_64 | 0.1.7 | 4.00 | 42.00 | 46.00 | OK | |
| r-patched-linux-x86_64 | 0.1.7 | 2.51 | 23.61 | 26.12 | OK | |
| r-release-linux-x86_64 | 0.1.7 | 2.50 | 23.54 | 26.04 | OK | |
| r-release-macos-arm64 | 0.1.7 | 1.00 | 16.00 | 17.00 | OK | |
| r-release-macos-x86_64 | 0.1.7 | 2.00 | 25.00 | 27.00 | OK | |
| r-release-windows-x86_64 | 0.1.7 | 4.00 | 49.00 | 53.00 | OK | |
| r-oldrel-macos-arm64 | 0.1.7 | 1.00 | 16.00 | 17.00 | OK | |
| r-oldrel-macos-x86_64 | 0.1.7 | 2.00 | 22.00 | 24.00 | OK | |
| r-oldrel-windows-x86_64 | 0.1.7 | 4.00 | 49.00 | 53.00 | OK |
Version: 0.1.7
Check: dependencies in R code
Result: NOTE
Namespaces in Imports field not imported from:
‘Rcpp’ ‘profileModel’
All declared Imports should be used.
Flavors: r-devel-linux-x86_64-fedora-clang, r-devel-linux-x86_64-fedora-gcc