CRAN Package Check Results for Package brms

Last updated on 2021-01-24 07:50:42 CET.

Flavor Version Tinstall Tcheck Ttotal Status Flags
r-devel-linux-x86_64-debian-clang 2.14.4 58.20 540.05 598.25 NOTE
r-devel-linux-x86_64-debian-gcc 2.14.4 48.38 396.59 444.97 NOTE
r-devel-linux-x86_64-fedora-clang 2.14.4 704.23 NOTE
r-devel-linux-x86_64-fedora-gcc 2.14.4 701.94 NOTE
r-devel-windows-ix86+x86_64 2.14.4 112.00 280.00 392.00 NOTE --no-examples --no-tests --no-vignettes
r-patched-linux-x86_64 2.14.4 40.67 499.04 539.71 NOTE
r-patched-solaris-x86 2.14.4 889.00 NOTE
r-release-linux-x86_64 2.14.4 40.69 505.69 546.38 WARN
r-release-macos-x86_64 2.14.4 NOTE
r-release-windows-ix86+x86_64 2.14.4 112.00 278.00 390.00 NOTE --no-examples --no-tests --no-vignettes
r-oldrel-macos-x86_64 2.14.4 NOTE
r-oldrel-windows-ix86+x86_64 2.14.4 91.00 284.00 375.00 NOTE --no-examples --no-tests --no-vignettes

Check Details

Version: 2.14.4
Check: package dependencies
Result: NOTE
    Package suggested but not available for checking: 'cmdstanr'
Flavors: r-devel-linux-x86_64-debian-clang, r-devel-linux-x86_64-debian-gcc, r-devel-linux-x86_64-fedora-clang, r-devel-linux-x86_64-fedora-gcc, r-patched-linux-x86_64, r-patched-solaris-x86, r-release-linux-x86_64, r-release-macos-x86_64, r-oldrel-macos-x86_64

Version: 2.14.4
Check: installed package size
Result: NOTE
     installed size is 6.9Mb
     sub-directories of 1Mb or more:
     R 3.0Mb
     doc 2.8Mb
Flavors: r-devel-linux-x86_64-fedora-clang, r-patched-solaris-x86, r-release-macos-x86_64, r-oldrel-macos-x86_64

Version: 2.14.4
Check: Rd cross-references
Result: NOTE
    Undeclared packages ‘shiny’, ‘gtable’ in Rd xrefs
Flavor: r-devel-linux-x86_64-fedora-clang

Version: 2.14.4
Flags: --no-examples --no-tests --no-vignettes
Check: package dependencies
Result: NOTE
    Package suggested but not available for checking: 'cmdstanr'
Flavors: r-devel-windows-ix86+x86_64, r-release-windows-ix86+x86_64, r-oldrel-windows-ix86+x86_64

Version: 2.14.4
Flags: --no-examples --no-tests --no-vignettes
Check: installed package size
Result: NOTE
     installed size is 6.9Mb
     sub-directories of 1Mb or more:
     R 3.0Mb
     doc 2.8Mb
Flavors: r-devel-windows-ix86+x86_64, r-release-windows-ix86+x86_64, r-oldrel-windows-ix86+x86_64

Version: 2.14.4
Check: re-building of vignette outputs
Result: WARN
    Error(s) in re-building vignettes:
     ...
    --- re-building ‘brms_customfamilies.Rmd’ using rmarkdown
    --- finished re-building ‘brms_customfamilies.Rmd’
    
    --- re-building ‘brms_distreg.Rmd’ using rmarkdown
    --- finished re-building ‘brms_distreg.Rmd’
    
    --- re-building ‘brms_families.Rmd’ using rmarkdown
    --- finished re-building ‘brms_families.Rmd’
    
    --- re-building ‘brms_missings.Rmd’ using rmarkdown
    --- finished re-building ‘brms_missings.Rmd’
    
    --- re-building ‘brms_monotonic.Rmd’ using rmarkdown
    --- finished re-building ‘brms_monotonic.Rmd’
    
    --- re-building ‘brms_multivariate.Rmd’ using rmarkdown
    --- finished re-building ‘brms_multivariate.Rmd’
    
    --- re-building ‘brms_nonlinear.Rmd’ using rmarkdown
    --- finished re-building ‘brms_nonlinear.Rmd’
    
    --- re-building ‘brms_phylogenetics.Rmd’ using rmarkdown
    --- finished re-building ‘brms_phylogenetics.Rmd’
    
    --- re-building ‘brms_threading.Rmd’ using rmarkdown
    --- finished re-building ‘brms_threading.Rmd’
    
    --- re-building ‘brms_multilevel.ltx’ using tex
    Error: processing vignette 'brms_multilevel.ltx' failed with diagnostics:
    Running ‘texi2dvi’ on ‘brms_multilevel.ltx’ failed.
    LaTeX errors:
    ! Undefined control sequence.
    <recently read> \Hy@colorlink
    
    l.55 \begin{document}
    
    ! Undefined control sequence.
    \close@pdflink ->\Hy@endcolorlink
     \Hy@VerboseLinkStop \pdfendlink
    l.55 \begin{document}
    
    ! Undefined control sequence.
    <recently read> \Hy@colorlink
    
    l.55 \begin{document}
    
    ! Undefined control sequence.
    \close@pdflink ->\Hy@endcolorlink
     \Hy@VerboseLinkStop \pdfendlink
    l.55 \begin{document}
    
    --- failed re-building ‘brms_multilevel.ltx’
    
    --- re-building ‘brms_overview.ltx’ using tex
    Error: processing vignette 'brms_overview.ltx' failed with diagnostics:
    Running ‘texi2dvi’ on ‘brms_overview.ltx’ failed.
    LaTeX errors:
    ! Undefined control sequence.
    <recently read> \Hy@colorlink
    
    l.54 \begin{document}
    
    ! Undefined control sequence.
    \close@pdflink ->\Hy@endcolorlink
     \Hy@VerboseLinkStop \pdfendlink
    l.54 \begin{document}
    
    ! Undefined control sequence.
    <recently read> \Hy@colorlink
    
    l.54 \begin{document}
    
    ! Undefined control sequence.
    \close@pdflink ->\Hy@endcolorlink
     \Hy@VerboseLinkStop \pdfendlink
    l.54 \begin{document}
    
    --- failed re-building ‘brms_overview.ltx’
    
    SUMMARY: processing the following files failed:
     ‘brms_multilevel.ltx’ ‘brms_overview.ltx’
    
    Error: Vignette re-building failed.
    Execution halted
Flavor: r-release-linux-x86_64