Last updated on 2024-04-24 07:57:35 CEST.
Flavor | Version | Tinstall | Tcheck | Ttotal | Status | Flags |
---|---|---|---|---|---|---|
r-devel-linux-x86_64-debian-clang | 1.1.3 | 13.61 | 103.37 | 116.98 | OK | |
r-devel-linux-x86_64-debian-gcc | 1.1.3 | 9.83 | 76.55 | 86.38 | OK | |
r-devel-linux-x86_64-fedora-clang | 1.1.3 | 147.45 | NOTE | |||
r-devel-linux-x86_64-fedora-gcc | 1.1.3 | 138.15 | NOTE | |||
r-prerel-macos-arm64 | 1.1.3 | 50.00 | OK | |||
r-prerel-windows-x86_64 | 1.1.3 | 12.00 | 88.00 | 100.00 | OK | |
r-patched-linux-x86_64 | 1.1.3 | 13.49 | 97.69 | 111.18 | OK | |
r-release-linux-x86_64 | 1.1.3 | 12.30 | 100.02 | 112.32 | OK | |
r-release-macos-arm64 | 1.1.3 | 44.00 | OK | |||
r-release-macos-x86_64 | 1.1.3 | 72.00 | OK | |||
r-release-windows-x86_64 | 1.1.3 | 15.00 | 106.00 | 121.00 | OK | |
r-oldrel-macos-arm64 | 1.1.3 | 52.00 | NOTE | |||
r-oldrel-windows-x86_64 | 1.1.3 | 17.00 | 108.00 | 125.00 | OK |
Version: 1.1.3
Check: dependencies in R code
Result: NOTE
Namespaces in Imports field not imported from:
‘rworldxtra’ ‘sp’
All declared Imports should be used.
Flavors: r-devel-linux-x86_64-fedora-clang, r-devel-linux-x86_64-fedora-gcc, r-oldrel-macos-arm64