CRAN Package Check Results for Package bslib

Last updated on 2021-07-30 08:49:57 CEST.

Flavor Version Tinstall Tcheck Ttotal Status Flags
r-devel-linux-x86_64-debian-clang 0.2.5.1 OK
r-devel-linux-x86_64-debian-gcc 0.2.5.1 4.48 73.15 77.63 OK
r-devel-linux-x86_64-fedora-clang 0.2.5.1 126.91 NOTE
r-devel-linux-x86_64-fedora-gcc 0.2.5.1 120.32 OK
r-devel-windows-x86_64 0.2.5.1 7.00 145.00 152.00 NOTE
r-devel-windows-x86_64-gcc10-UCRT 0.2.5.1 OK
r-patched-linux-x86_64 0.2.5.1 OK
r-patched-solaris-x86 0.2.5.1 127.50 NOTE
r-release-linux-x86_64 0.2.5.1 4.99 93.68 98.67 OK
r-release-macos-arm64 0.2.5.1 NOTE
r-release-macos-x86_64 0.2.5.1 NOTE
r-release-windows-ix86+x86_64 0.2.5.1 11.00 135.00 146.00 NOTE
r-oldrel-macos-x86_64 0.2.5.1 NOTE
r-oldrel-windows-ix86+x86_64 0.2.5.1 8.00 135.00 143.00 NOTE

Check Details

Version: 0.2.5.1
Check: installed package size
Result: NOTE
     installed size is 7.6Mb
     sub-directories of 1Mb or more:
     fonts 2.4Mb
     lib 3.9Mb
Flavors: r-devel-linux-x86_64-fedora-clang, r-devel-windows-x86_64, r-patched-solaris-x86, r-release-macos-arm64, r-release-macos-x86_64, r-release-windows-ix86+x86_64, r-oldrel-macos-x86_64, r-oldrel-windows-ix86+x86_64