Last updated on 2024-04-26 08:54:50 CEST.
Flavor | Version | Tinstall | Tcheck | Ttotal | Status | Flags |
---|---|---|---|---|---|---|
r-devel-linux-x86_64-debian-clang | 1.0.7 | 3.61 | 43.90 | 47.51 | OK | |
r-devel-linux-x86_64-debian-gcc | 1.0.7 | 2.54 | 33.07 | 35.61 | WARN | |
r-devel-linux-x86_64-fedora-clang | 1.0.7 | 59.64 | WARN | |||
r-devel-linux-x86_64-fedora-gcc | 1.0.7 | 57.15 | WARN | |||
r-devel-windows-x86_64 | 1.0.7 | 4.00 | 52.00 | 56.00 | WARN | |
r-patched-linux-x86_64 | 1.0.7 | 3.81 | 43.28 | 47.09 | WARN | |
r-release-linux-x86_64 | 1.0.7 | 2.90 | 42.57 | 45.47 | OK | |
r-release-macos-arm64 | 1.0.7 | 22.00 | OK | |||
r-release-windows-x86_64 | 1.0.7 | 4.00 | 52.00 | 56.00 | OK | |
r-oldrel-macos-arm64 | 1.0.7 | 22.00 | OK | |||
r-oldrel-macos-x86_64 | 1.0.7 | 30.00 | OK | |||
r-oldrel-windows-x86_64 | 1.0.7 | 5.00 | 55.00 | 60.00 | OK |
Version: 1.0.7
Check: Rd cross-references
Result: WARN
Missing link or links in Rd file 'bucky-package.Rd':
‘[Amelia]{amelia-package}’
See section 'Cross-references' in the 'Writing R Extensions' manual.
Flavors: r-devel-linux-x86_64-debian-gcc, r-devel-linux-x86_64-fedora-gcc, r-devel-windows-x86_64, r-patched-linux-x86_64
Version: 1.0.7
Check: Rd cross-references
Result: WARN
Undeclared package ‘mitools’ in Rd xrefs
Missing link or links in Rd file 'bucky-package.Rd':
‘[Amelia]{amelia-package}’
See section 'Cross-references' in the 'Writing R Extensions' manual.
Flavor: r-devel-linux-x86_64-fedora-clang