CRAN Package Check Results for Package busdater

Last updated on 2021-05-14 09:50:43 CEST.

Flavor Version Tinstall Tcheck Ttotal Status Flags
r-devel-linux-x86_64-debian-clang 0.2.0 2.97 38.57 41.54 NOTE
r-devel-linux-x86_64-debian-gcc 0.2.0 2.64 31.12 33.76 NOTE
r-devel-linux-x86_64-fedora-clang 0.2.0 61.68 NOTE
r-devel-linux-x86_64-fedora-gcc 0.2.0 49.94 NOTE
r-devel-windows-ix86+x86_64 0.2.0 8.00 41.00 49.00 NOTE
r-devel-windows-x86_64-gcc10-UCRT 0.2.0 NOTE
r-patched-linux-x86_64 0.2.0 3.34 38.55 41.89 NOTE
r-patched-solaris-x86 0.2.0 76.20 NOTE
r-release-linux-x86_64 0.2.0 3.48 37.83 41.31 OK
r-release-macos-x86_64 0.2.0 OK
r-release-windows-ix86+x86_64 0.2.0 7.00 54.00 61.00 OK
r-oldrel-macos-x86_64 0.2.0 OK
r-oldrel-windows-ix86+x86_64 0.2.0 5.00 55.00 60.00 OK

Check Details

Version: 0.2.0
Check: LazyData
Result: NOTE
     'LazyData' is specified without a 'data' directory
Flavors: r-devel-linux-x86_64-debian-clang, r-devel-linux-x86_64-debian-gcc, r-devel-linux-x86_64-fedora-clang, r-devel-linux-x86_64-fedora-gcc, r-devel-windows-ix86+x86_64, r-devel-windows-x86_64-gcc10-UCRT, r-patched-linux-x86_64, r-patched-solaris-x86