Last updated on 2024-03-12 07:49:49 CET.
Flavor | Version | Tinstall | Tcheck | Ttotal | Status | Flags |
---|---|---|---|---|---|---|
r-devel-linux-x86_64-debian-clang | 0.3.1 | 6.64 | 50.36 | 57.00 | NOTE | |
r-devel-linux-x86_64-debian-gcc | 0.3.1 | 5.06 | 38.75 | 43.81 | NOTE | |
r-devel-linux-x86_64-fedora-clang | 0.3.1 | 70.70 | NOTE | |||
r-devel-linux-x86_64-fedora-gcc | 0.3.1 | 67.72 | NOTE | |||
r-devel-windows-x86_64 | 0.3.1 | 6.00 | 56.00 | 62.00 | NOTE | |
r-patched-linux-x86_64 | 0.3.1 | 6.76 | 49.57 | 56.33 | NOTE | |
r-release-linux-x86_64 | 0.3.1 | 6.91 | 49.22 | 56.13 | NOTE | |
r-release-macos-arm64 | 0.3.1 | 23.00 | NOTE | |||
r-release-macos-x86_64 | 0.3.1 | 36.00 | NOTE | |||
r-release-windows-x86_64 | 0.3.1 | 8.00 | 60.00 | 68.00 | NOTE | |
r-oldrel-macos-arm64 | 0.3.1 | 24.00 | NOTE | |||
r-oldrel-windows-x86_64 | 0.3.1 | 7.00 | 64.00 | 71.00 | NOTE |
Version: 0.3.1
Check: LazyData
Result: NOTE
'LazyData' is specified without a 'data' directory
Flavors: r-devel-linux-x86_64-debian-clang, r-devel-linux-x86_64-debian-gcc, r-devel-linux-x86_64-fedora-clang, r-devel-linux-x86_64-fedora-gcc, r-devel-windows-x86_64, r-patched-linux-x86_64, r-release-linux-x86_64, r-release-macos-arm64, r-release-macos-x86_64, r-release-windows-x86_64, r-oldrel-macos-arm64, r-oldrel-windows-x86_64