Last updated on 2023-03-31 08:53:55 CEST.
Flavor | Version | Tinstall | Tcheck | Ttotal | Status | Flags |
---|---|---|---|---|---|---|
r-devel-linux-x86_64-debian-clang | 1.0 | 11.90 | 104.52 | 116.42 | NOTE | |
r-devel-linux-x86_64-debian-gcc | 1.0 | 9.53 | 80.24 | 89.77 | NOTE | |
r-devel-linux-x86_64-fedora-clang | 1.0 | 147.62 | NOTE | |||
r-devel-linux-x86_64-fedora-gcc | 1.0 | 141.85 | NOTE | |||
r-devel-windows-x86_64 | 1.0 | 22.00 | 0.00 | 22.00 | NOTE | |
r-patched-linux-x86_64 | 1.0 | 18.41 | 100.39 | 118.80 | NOTE | |
r-release-linux-x86_64 | 1.0 | 12.69 | 101.21 | 113.90 | OK | |
r-release-macos-arm64 | 1.0 | 44.00 | OK | |||
r-release-macos-x86_64 | 1.0 | 71.00 | OK | |||
r-release-windows-x86_64 | 1.0 | 28.00 | 148.00 | 176.00 | OK | |
r-oldrel-macos-arm64 | 1.0 | 44.00 | OK | |||
r-oldrel-macos-x86_64 | 1.0 | 58.00 | OK | |||
r-oldrel-windows-ix86+x86_64 | 1.0 | 27.00 | 125.00 | 152.00 | OK |
Version: 1.0
Check: Rd files
Result: NOTE
checkRd: (-1) deleteZeroComponents.Rd:70: Escaped LaTeX specials: \& \&
Flavors: r-devel-linux-x86_64-debian-clang, r-devel-linux-x86_64-debian-gcc, r-devel-linux-x86_64-fedora-clang, r-devel-linux-x86_64-fedora-gcc, r-devel-windows-x86_64, r-patched-linux-x86_64