Last updated on 2024-04-20 08:50:47 CEST.
Flavor | Version | Tinstall | Tcheck | Ttotal | Status | Flags |
---|---|---|---|---|---|---|
r-devel-linux-x86_64-debian-clang | 1.3.2 | 91.60 | 417.10 | 508.70 | NOTE | |
r-devel-linux-x86_64-debian-gcc | 1.3.2 | 71.33 | 294.31 | 365.64 | NOTE | |
r-devel-linux-x86_64-fedora-clang | 1.3.2 | 650.62 | NOTE | |||
r-devel-linux-x86_64-fedora-gcc | 1.3.2 | 624.55 | NOTE | |||
r-prerel-macos-arm64 | 1.3.2 | 243.00 | NOTE | |||
r-prerel-windows-x86_64 | 1.3.2 | 67.00 | 378.00 | 445.00 | NOTE | |
r-patched-linux-x86_64 | 1.3.2 | 81.08 | 379.71 | 460.79 | NOTE | |
r-release-linux-x86_64 | 1.3.2 | 78.64 | 387.46 | 466.10 | NOTE | |
r-release-macos-arm64 | 1.3.2 | 239.00 | NOTE | |||
r-release-macos-x86_64 | 1.3.2 | 367.00 | NOTE | |||
r-release-windows-x86_64 | 1.3.2 | 76.00 | 415.00 | 491.00 | NOTE | |
r-oldrel-macos-arm64 | 1.3.2 | 236.00 | NOTE | |||
r-oldrel-windows-x86_64 | 1.3.2 | 80.00 | 416.00 | 496.00 | OK |
Version: 1.3.2
Check: C++ specification
Result: NOTE
Specified C++11: please drop specification unless essential
Flavors: r-devel-linux-x86_64-debian-clang, r-devel-linux-x86_64-debian-gcc, r-devel-linux-x86_64-fedora-clang, r-devel-linux-x86_64-fedora-gcc, r-prerel-macos-arm64, r-prerel-windows-x86_64, r-patched-linux-x86_64, r-release-linux-x86_64, r-release-macos-arm64, r-release-macos-x86_64, r-release-windows-x86_64
Version: 1.3.2
Check: installed package size
Result: NOTE
installed size is 5.2Mb
sub-directories of 1Mb or more:
libs 4.9Mb
Flavors: r-release-macos-arm64, r-oldrel-macos-arm64